{"id":189993,"date":"2026-03-03T21:15:57","date_gmt":"2026-03-03T20:15:57","guid":{"rendered":"https:\/\/grupotextil.es\/producto\/neoblu-alfi-men\/"},"modified":"2026-03-05T04:28:04","modified_gmt":"2026-03-05T03:28:04","slug":"neoblu-alfi-men","status":"publish","type":"product","link":"https:\/\/grupotextil.es\/ca\/product\/neoblu-alfi-men\/","title":{"rendered":"NEOBLU ALFI MEN"},"content":{"rendered":"<p><strong>Composici\u00f3n:<\/strong> Exterior: tafet\u00e1n 2 capas 100% poli\u00e9ster reciclado con membrana de TPU<br \/>Forro: tafet\u00e1n 100% poli\u00e9ster reciclado 400T &#8211; Relleno: plum\u00f3n 100% poli\u00e9ster reciclado 360 g\/pza.<\/p>\n<p><strong>Caracter\u00edsticas:<\/strong> Corte c\u00f3modo y abrigado<br \/>Acabados totalmente tono sobre tono<br \/>Capucha acolchada con cord\u00f3n de ajuste, ojales de metal y topes de goma<br \/>Costuras termoselladas en capucha, hombros y mangas<br \/>Abertura con cremallera inyectada de pl\u00e1stico con doble cursor de metal<br \/>Abertura con tapeta oculta por solapa con botones magn\u00e9ticos en cuello y bajo para ofrecer m\u00e1xima protecci\u00f3n contra el fr\u00edo<br \/>Bolsillos laterales con cremallera invertida hidrorepelente<br \/>Forro con el\u00e1stico en los pu\u00f1os para m\u00e1s comodidad y protecci\u00f3n contra el fr\u00edo<br \/>Forro interior acolchado y suave<br \/>Acolchado grueso y c\u00f3modo<br \/>Bolsillo de parche interior con cierre magn\u00e9tico<br \/>Bolsillo vertical interior en el pecho izquierdo con cremallera oculta<br \/>Cremallera interior en la parte inferior de la espalda para la personalizaci\u00f3n<br \/>Vista interior en el cuello del mismo tejido que el cuerpo para la personalizaci\u00f3n<\/p>\n<p><strong>Tallas disponibles:<\/strong> XXL,L,S,3XL,XL,M,4XL<\/p>\n<p><strong>Propiedades:<\/strong> twin, water repellent, windproof, waterproof<\/p>\n<p><strong>Cuidado:<\/strong> 30\u00b0 \u00b7 Planchar a baja temperatura \u00b7 No se puede usar lej\u00eda<\/p>\n<p><strong>G\u00e9nero:<\/strong> Hombre,Twin<\/p>","protected":false},"excerpt":{"rendered":"<p>CHAQUETA\u00a0HOMBRE\u00a0ABRIGADA<\/p>","protected":false},"featured_media":250229,"comment_status":"open","ping_status":"closed","template":"","meta":{"_acf_changed":false},"product_brand":[14014],"product_cat":[13954,13974,13975,13973],"product_tag":[],"class_list":{"0":"post-189993","1":"product","2":"type-product","3":"status-publish","4":"has-post-thumbnail","6":"product_brand-neoblu","7":"product_cat-acc-bolsas-y-mochilas","8":"product_cat-ropa-hombre","9":"product_cat-ropa-mujer","10":"product_cat-ropa","11":"tm-no-options","13":"first","14":"instock","15":"taxable","16":"shipping-taxable","17":"product-type-variable"},"acf":[],"_links":{"self":[{"href":"https:\/\/grupotextil.es\/ca\/wp-json\/wp\/v2\/product\/189993","targetHints":{"allow":["GET"]}}],"collection":[{"href":"https:\/\/grupotextil.es\/ca\/wp-json\/wp\/v2\/product"}],"about":[{"href":"https:\/\/grupotextil.es\/ca\/wp-json\/wp\/v2\/types\/product"}],"replies":[{"embeddable":true,"href":"https:\/\/grupotextil.es\/ca\/wp-json\/wp\/v2\/comments?post=189993"}],"wp:featuredmedia":[{"embeddable":true,"href":"https:\/\/grupotextil.es\/ca\/wp-json\/wp\/v2\/media\/250229"}],"wp:attachment":[{"href":"https:\/\/grupotextil.es\/ca\/wp-json\/wp\/v2\/media?parent=189993"}],"wp:term":[{"taxonomy":"product_brand","embeddable":true,"href":"https:\/\/grupotextil.es\/ca\/wp-json\/wp\/v2\/product_brand?post=189993"},{"taxonomy":"product_cat","embeddable":true,"href":"https:\/\/grupotextil.es\/ca\/wp-json\/wp\/v2\/product_cat?post=189993"},{"taxonomy":"product_tag","embeddable":true,"href":"https:\/\/grupotextil.es\/ca\/wp-json\/wp\/v2\/product_tag?post=189993"}],"curies":[{"name":"wp","href":"https:\/\/api.w.org\/{rel}","templated":true}]}}

<p><strong>Composición:</strong> Exterior: tafetán 2 capas 100% poliéster reciclado con membrana de TPU<br />Forro: tafetán 100% poliéster reciclado 400T &#8211; Relleno: plumón 100% poliéster reciclado 360 g/pza.</p>
<p><strong>Características:</strong> Corte cómodo y abrigado<br />Acabados totalmente tono sobre tono<br />Capucha acolchada con cordón de ajuste, ojales de metal y topes de goma<br />Costuras termoselladas en capucha, hombros y mangas<br />Abertura con cremallera inyectada de plástico con doble cursor de metal<br />Abertura con tapeta oculta por solapa con botones magnéticos en cuello y bajo para ofrecer máxima protección contra el frío<br />Bolsillos laterales con cremallera invertida hidrorepelente<br />Forro con elástico en los puños para más comodidad y protección contra el frío<br />Forro interior acolchado y suave<br />Acolchado grueso y cómodo<br />Bolsillo de parche interior con cierre magnético<br />Bolsillo vertical interior en el pecho izquierdo con cremallera oculta<br />Cremallera interior en la parte inferior de la espalda para la personalización<br />Vista interior en el cuello del mismo tejido que el cuerpo para la personalización</p>
<p><strong>Tallas disponibles:</strong> XXL,L,S,3XL,XL,M,4XL</p>
<p><strong>Propiedades:</strong> twin, water repellent, windproof, waterproof</p>
<p><strong>Cuidado:</strong> 30° · Planchar a baja temperatura · No se puede usar lejía</p>
<p><strong>Género:</strong> Hombre,Twin</p>
