{"id":206711,"date":"2026-03-04T00:58:19","date_gmt":"2026-03-03T23:58:19","guid":{"rendered":"https:\/\/grupotextil.es\/producto\/bolsa-termica-stamina-bayona-7086\/"},"modified":"2026-03-04T06:14:24","modified_gmt":"2026-03-04T05:14:24","slug":"bolsa-termica-stamina-bayona-7086","status":"publish","type":"product","link":"https:\/\/grupotextil.es\/ca\/product\/bolsa-termica-stamina-bayona-7086\/","title":{"rendered":"Bolsa T\u00e9rmica Stamina Bayona 7086"},"content":{"rendered":"<p>Nevera multiusos de poli\u00e9ster 600D. Bolsillo principal isot\u00e9rmico y pr\u00e1ctico bolsillo frontal perfecto para almacenar comida o bebida y mantener su temperatura ideal. Incluye cinta de transporte ajustable.<\/p>","protected":false},"excerpt":{"rendered":"<p>Nevera multiusos de poli\u00e9ster 600D. Bolsillo principal isot\u00e9rmico y pr\u00e1ctico bolsillo frontal perfecto para almacenar comida o bebida y mantener su temperatura ideal. Incluye cinta de transporte ajustable.<\/p>","protected":false},"featured_media":206712,"comment_status":"open","ping_status":"closed","template":"","meta":{"_acf_changed":false},"product_brand":[14012],"product_cat":[13954],"product_tag":[],"class_list":{"0":"post-206711","1":"product","2":"type-product","3":"status-publish","4":"has-post-thumbnail","6":"product_brand-stamina","7":"product_cat-acc-bolsas-y-mochilas","8":"tm-no-options","10":"first","11":"instock","12":"taxable","13":"shipping-taxable","14":"product-type-variable"},"acf":[],"_links":{"self":[{"href":"https:\/\/grupotextil.es\/ca\/wp-json\/wp\/v2\/product\/206711","targetHints":{"allow":["GET"]}}],"collection":[{"href":"https:\/\/grupotextil.es\/ca\/wp-json\/wp\/v2\/product"}],"about":[{"href":"https:\/\/grupotextil.es\/ca\/wp-json\/wp\/v2\/types\/product"}],"replies":[{"embeddable":true,"href":"https:\/\/grupotextil.es\/ca\/wp-json\/wp\/v2\/comments?post=206711"}],"wp:featuredmedia":[{"embeddable":true,"href":"https:\/\/grupotextil.es\/ca\/wp-json\/wp\/v2\/media\/206712"}],"wp:attachment":[{"href":"https:\/\/grupotextil.es\/ca\/wp-json\/wp\/v2\/media?parent=206711"}],"wp:term":[{"taxonomy":"product_brand","embeddable":true,"href":"https:\/\/grupotextil.es\/ca\/wp-json\/wp\/v2\/product_brand?post=206711"},{"taxonomy":"product_cat","embeddable":true,"href":"https:\/\/grupotextil.es\/ca\/wp-json\/wp\/v2\/product_cat?post=206711"},{"taxonomy":"product_tag","embeddable":true,"href":"https:\/\/grupotextil.es\/ca\/wp-json\/wp\/v2\/product_tag?post=206711"}],"curies":[{"name":"wp","href":"https:\/\/api.w.org\/{rel}","templated":true}]}}

Bolsa Térmica Stamina Bayona 7086

<p>Nevera multiusos de poliéster 600D. Bolsillo principal isotérmico y práctico bolsillo frontal perfecto para almacenar comida o bebida y mantener su temperatura ideal. Incluye cinta de transporte ajustable.</p>
