{"id":206849,"date":"2026-03-04T00:59:56","date_gmt":"2026-03-03T23:59:56","guid":{"rendered":"https:\/\/grupotextil.es\/producto\/pantalon-roly-betis-0419-hombre\/"},"modified":"2026-03-10T01:58:27","modified_gmt":"2026-03-10T00:58:27","slug":"pantalon-roly-betis-0419-hombre","status":"publish","type":"product","link":"https:\/\/grupotextil.es\/ca\/product\/pantalon-roly-betis-0419-hombre\/","title":{"rendered":"Pantal\u00f3n Roly Betis 0419 Hombre"},"content":{"rendered":"<p>Pantal\u00f3n corto con cinturilla el\u00e1stica y cord\u00f3n con ojales met\u00e1licos. Dos Bolsillos laterales con cremalleras invertida a tono y tirador. Banda lateral a tono. Adorno de bragueta cosida. Un bolsillo trasero con broche de presi\u00f3n.<\/p>","protected":false},"excerpt":{"rendered":"<p>Pantal\u00f3n corto con cinturilla el\u00e1stica y cord\u00f3n con ojales met\u00e1licos. Dos Bolsillos laterales con cremalleras invertida a tono y tirador. Banda lateral a tono. Adorno de bragueta cosida. Un bolsillo trasero con broche de presi\u00f3n.<\/p>","protected":false},"featured_media":206850,"comment_status":"open","ping_status":"closed","template":"","meta":{"_acf_changed":false},"product_brand":[14011],"product_cat":[13939,13974,13983,13973],"product_tag":[],"class_list":{"0":"post-206849","1":"product","2":"type-product","3":"status-publish","4":"has-post-thumbnail","6":"product_brand-roly","7":"product_cat-deportivo","8":"product_cat-ropa-hombre","9":"product_cat-h-pantalones","10":"product_cat-ropa","11":"tm-no-options","13":"first","14":"instock","15":"taxable","16":"shipping-taxable","17":"product-type-variable"},"acf":[],"_links":{"self":[{"href":"https:\/\/grupotextil.es\/ca\/wp-json\/wp\/v2\/product\/206849","targetHints":{"allow":["GET"]}}],"collection":[{"href":"https:\/\/grupotextil.es\/ca\/wp-json\/wp\/v2\/product"}],"about":[{"href":"https:\/\/grupotextil.es\/ca\/wp-json\/wp\/v2\/types\/product"}],"replies":[{"embeddable":true,"href":"https:\/\/grupotextil.es\/ca\/wp-json\/wp\/v2\/comments?post=206849"}],"wp:featuredmedia":[{"embeddable":true,"href":"https:\/\/grupotextil.es\/ca\/wp-json\/wp\/v2\/media\/206850"}],"wp:attachment":[{"href":"https:\/\/grupotextil.es\/ca\/wp-json\/wp\/v2\/media?parent=206849"}],"wp:term":[{"taxonomy":"product_brand","embeddable":true,"href":"https:\/\/grupotextil.es\/ca\/wp-json\/wp\/v2\/product_brand?post=206849"},{"taxonomy":"product_cat","embeddable":true,"href":"https:\/\/grupotextil.es\/ca\/wp-json\/wp\/v2\/product_cat?post=206849"},{"taxonomy":"product_tag","embeddable":true,"href":"https:\/\/grupotextil.es\/ca\/wp-json\/wp\/v2\/product_tag?post=206849"}],"curies":[{"name":"wp","href":"https:\/\/api.w.org\/{rel}","templated":true}]}}

Pantalón Roly Betis 0419 Hombre

<p>Pantalón corto con cinturilla elástica y cordón con ojales metálicos. Dos Bolsillos laterales con cremalleras invertida a tono y tirador. Banda lateral a tono. Adorno de bragueta cosida. Un bolsillo trasero con broche de presión.</p>
