{"id":207932,"date":"2026-03-04T01:15:58","date_gmt":"2026-03-04T00:15:58","guid":{"rendered":"https:\/\/grupotextil.es\/producto\/memoria-usb-stamina-marvin-4186\/"},"modified":"2026-03-04T06:14:32","modified_gmt":"2026-03-04T05:14:32","slug":"memoria-usb-stamina-marvin-4186","status":"publish","type":"product","link":"https:\/\/grupotextil.es\/ca\/product\/memoria-usb-stamina-marvin-4186\/","title":{"rendered":"Memoria USB Stamina Marvin 4186"},"content":{"rendered":"<p>Memoria USB 2.0, de dise\u00f1o cl\u00e1sico con cuerpo de ABS y clip giratorio met\u00e1lico. Capacidad de 16GB y 32GB. Presentaci\u00f3n en caja de cart\u00f3n blanco mate con ventana.<\/p>","protected":false},"excerpt":{"rendered":"<p>Memoria USB 2.0, de dise\u00f1o cl\u00e1sico con cuerpo de ABS y clip giratorio met\u00e1lico. Capacidad de 16GB y 32GB. Presentaci\u00f3n en caja de cart\u00f3n blanco mate con ventana.<\/p>","protected":false},"featured_media":207933,"comment_status":"open","ping_status":"closed","template":"","meta":{"_acf_changed":false},"product_brand":[14012],"product_cat":[13948,14006,13959],"product_tag":[],"class_list":{"0":"post-207932","1":"product","2":"type-product","3":"status-publish","4":"has-post-thumbnail","6":"product_brand-stamina","7":"product_cat-accesorios","8":"product_cat-acc-merchandising","9":"product_cat-mr-tecnologia","10":"tm-no-options","12":"first","13":"instock","14":"taxable","15":"shipping-taxable","16":"product-type-variable"},"acf":[],"_links":{"self":[{"href":"https:\/\/grupotextil.es\/ca\/wp-json\/wp\/v2\/product\/207932","targetHints":{"allow":["GET"]}}],"collection":[{"href":"https:\/\/grupotextil.es\/ca\/wp-json\/wp\/v2\/product"}],"about":[{"href":"https:\/\/grupotextil.es\/ca\/wp-json\/wp\/v2\/types\/product"}],"replies":[{"embeddable":true,"href":"https:\/\/grupotextil.es\/ca\/wp-json\/wp\/v2\/comments?post=207932"}],"wp:featuredmedia":[{"embeddable":true,"href":"https:\/\/grupotextil.es\/ca\/wp-json\/wp\/v2\/media\/207933"}],"wp:attachment":[{"href":"https:\/\/grupotextil.es\/ca\/wp-json\/wp\/v2\/media?parent=207932"}],"wp:term":[{"taxonomy":"product_brand","embeddable":true,"href":"https:\/\/grupotextil.es\/ca\/wp-json\/wp\/v2\/product_brand?post=207932"},{"taxonomy":"product_cat","embeddable":true,"href":"https:\/\/grupotextil.es\/ca\/wp-json\/wp\/v2\/product_cat?post=207932"},{"taxonomy":"product_tag","embeddable":true,"href":"https:\/\/grupotextil.es\/ca\/wp-json\/wp\/v2\/product_tag?post=207932"}],"curies":[{"name":"wp","href":"https:\/\/api.w.org\/{rel}","templated":true}]}}

<p>Memoria USB 2.0, de diseño clásico con cuerpo de ABS y clip giratorio metálico. Capacidad de 16GB y 32GB. Presentación en caja de cartón blanco mate con ventana.</p>
