{"id":209004,"date":"2026-03-04T01:35:21","date_gmt":"2026-03-04T00:35:21","guid":{"rendered":"https:\/\/grupotextil.es\/producto\/bidon-stamina-gerald-2016\/"},"modified":"2026-03-04T06:14:38","modified_gmt":"2026-03-04T05:14:38","slug":"bidon-stamina-gerald-2016","status":"publish","type":"product","link":"https:\/\/grupotextil.es\/ca\/product\/bidon-stamina-gerald-2016\/","title":{"rendered":"Bid\u00f3n Stamina Gerald 2016"},"content":{"rendered":"<p>Bid\u00f3n con cuerpo elaborado en acero inoxidable 304 reciclado de doble pared y tapa transl\u00facida elaborada en trit\u00e1n con dosificador con tap\u00f3n a rosca incorporado. Con capacidad para 500 ml. Su dise\u00f1o est\u00e1 especialmente dise\u00f1ado para mantener las bebidas a una temperatura \u00f3ptima, adem\u00e1s, cuenta con recubrimiento en acabado powder coating. Asa de transporte abatible incorporada para hacer m\u00e1s c\u00f3modo su uso.<\/p>","protected":false},"excerpt":{"rendered":"<p>Bid\u00f3n con cuerpo elaborado en acero inoxidable 304 reciclado de doble pared y tapa transl\u00facida elaborada en trit\u00e1n con dosificador con tap\u00f3n a rosca incorporado. Con capacidad para 500 ml. Su dise\u00f1o est\u00e1 especialmente dise\u00f1ado para mantener las bebidas a una temperatura \u00f3ptima, adem\u00e1s, cuenta con recubrimiento en acabado powder coating. Asa de transporte abatible incorporada para hacer m\u00e1s c\u00f3modo su uso.<\/p>","protected":false},"featured_media":209005,"comment_status":"open","ping_status":"closed","template":"","meta":{"_acf_changed":false},"product_brand":[14012],"product_cat":[13958,14006,13971],"product_tag":[],"class_list":{"0":"post-209004","1":"product","2":"type-product","3":"status-publish","4":"has-post-thumbnail","6":"product_brand-stamina","7":"product_cat-mr-botellas-y-termos","8":"product_cat-acc-merchandising","9":"product_cat-mr-tazas","10":"tm-no-options","12":"first","13":"outofstock","14":"taxable","15":"shipping-taxable","16":"product-type-variable"},"acf":[],"_links":{"self":[{"href":"https:\/\/grupotextil.es\/ca\/wp-json\/wp\/v2\/product\/209004","targetHints":{"allow":["GET"]}}],"collection":[{"href":"https:\/\/grupotextil.es\/ca\/wp-json\/wp\/v2\/product"}],"about":[{"href":"https:\/\/grupotextil.es\/ca\/wp-json\/wp\/v2\/types\/product"}],"replies":[{"embeddable":true,"href":"https:\/\/grupotextil.es\/ca\/wp-json\/wp\/v2\/comments?post=209004"}],"wp:featuredmedia":[{"embeddable":true,"href":"https:\/\/grupotextil.es\/ca\/wp-json\/wp\/v2\/media\/209005"}],"wp:attachment":[{"href":"https:\/\/grupotextil.es\/ca\/wp-json\/wp\/v2\/media?parent=209004"}],"wp:term":[{"taxonomy":"product_brand","embeddable":true,"href":"https:\/\/grupotextil.es\/ca\/wp-json\/wp\/v2\/product_brand?post=209004"},{"taxonomy":"product_cat","embeddable":true,"href":"https:\/\/grupotextil.es\/ca\/wp-json\/wp\/v2\/product_cat?post=209004"},{"taxonomy":"product_tag","embeddable":true,"href":"https:\/\/grupotextil.es\/ca\/wp-json\/wp\/v2\/product_tag?post=209004"}],"curies":[{"name":"wp","href":"https:\/\/api.w.org\/{rel}","templated":true}]}}

Bidón Stamina Gerald 2016

<p>Bidón con cuerpo elaborado en acero inoxidable 304 reciclado de doble pared y tapa translúcida elaborada en tritán con dosificador con tapón a rosca incorporado. Con capacidad para 500 ml. Su diseño está especialmente diseñado para mantener las bebidas a una temperatura óptima, además, cuenta con recubrimiento en acabado powder coating. Asa de transporte abatible incorporada para hacer más cómodo su uso.</p>
