{"id":209984,"date":"2026-03-04T01:55:13","date_gmt":"2026-03-04T00:55:13","guid":{"rendered":"https:\/\/grupotextil.es\/producto\/mochila-stamina-vermont-1865\/"},"modified":"2026-03-04T06:14:43","modified_gmt":"2026-03-04T05:14:43","slug":"mochila-stamina-vermont-1865","status":"publish","type":"product","link":"https:\/\/grupotextil.es\/ca\/product\/mochila-stamina-vermont-1865\/","title":{"rendered":"Mochila Stamina Vermont 1865"},"content":{"rendered":"<p>Mochila elaborada en nylon Taslon 280D. Cuenta con un compartimento principal con doble cremallera. En su interior dispone de un bolsillo acolchado para port\u00e1til de hasta 15\u2033, adem\u00e1s de un bolsillo de menor tama\u00f1o con cierre de cremallera. Incorpora dos bolsillos frontales externos con cremalleral y dos dos bolsillos laterales en malla con el\u00e1stico especialmente dise\u00f1ados para botellas, a conjunto con el cuerpo de la mochila. Sus asas y espalda van acolchadas para mayor comodidad. Adem\u00e1s, incluye cinta lateral para trolley.<\/p>","protected":false},"excerpt":{"rendered":"<p>Mochila elaborada en nylon Taslon 280D. Cuenta con un compartimento principal con doble cremallera. En su interior dispone de un bolsillo acolchado para port\u00e1til de hasta 15\u2033, adem\u00e1s de un bolsillo de menor tama\u00f1o con cierre de cremallera. Incorpora dos bolsillos frontales externos con cremalleral y dos dos bolsillos laterales en malla con el\u00e1stico especialmente dise\u00f1ados para botellas, a conjunto con el cuerpo de la mochila. Sus asas y espalda van acolchadas para mayor comodidad. Adem\u00e1s, incluye cinta lateral para trolley.<\/p>","protected":false},"featured_media":209985,"comment_status":"open","ping_status":"closed","template":"","meta":{"_acf_changed":false},"product_brand":[14012],"product_cat":[13954],"product_tag":[],"class_list":{"0":"post-209984","1":"product","2":"type-product","3":"status-publish","4":"has-post-thumbnail","6":"product_brand-stamina","7":"product_cat-acc-bolsas-y-mochilas","8":"tm-no-options","10":"first","11":"instock","12":"taxable","13":"shipping-taxable","14":"product-type-variable"},"acf":[],"_links":{"self":[{"href":"https:\/\/grupotextil.es\/ca\/wp-json\/wp\/v2\/product\/209984","targetHints":{"allow":["GET"]}}],"collection":[{"href":"https:\/\/grupotextil.es\/ca\/wp-json\/wp\/v2\/product"}],"about":[{"href":"https:\/\/grupotextil.es\/ca\/wp-json\/wp\/v2\/types\/product"}],"replies":[{"embeddable":true,"href":"https:\/\/grupotextil.es\/ca\/wp-json\/wp\/v2\/comments?post=209984"}],"wp:featuredmedia":[{"embeddable":true,"href":"https:\/\/grupotextil.es\/ca\/wp-json\/wp\/v2\/media\/209985"}],"wp:attachment":[{"href":"https:\/\/grupotextil.es\/ca\/wp-json\/wp\/v2\/media?parent=209984"}],"wp:term":[{"taxonomy":"product_brand","embeddable":true,"href":"https:\/\/grupotextil.es\/ca\/wp-json\/wp\/v2\/product_brand?post=209984"},{"taxonomy":"product_cat","embeddable":true,"href":"https:\/\/grupotextil.es\/ca\/wp-json\/wp\/v2\/product_cat?post=209984"},{"taxonomy":"product_tag","embeddable":true,"href":"https:\/\/grupotextil.es\/ca\/wp-json\/wp\/v2\/product_tag?post=209984"}],"curies":[{"name":"wp","href":"https:\/\/api.w.org\/{rel}","templated":true}]}}

<p>Mochila elaborada en nylon Taslon 280D. Cuenta con un compartimento principal con doble cremallera. En su interior dispone de un bolsillo acolchado para portátil de hasta 15″, además de un bolsillo de menor tamaño con cierre de cremallera. Incorpora dos bolsillos frontales externos con cremalleral y dos dos bolsillos laterales en malla con elástico especialmente diseñados para botellas, a conjunto con el cuerpo de la mochila. Sus asas y espalda van acolchadas para mayor comodidad. Además, incluye cinta lateral para trolley.</p>
