{"id":212279,"date":"2026-03-04T02:32:06","date_gmt":"2026-03-04T01:32:06","guid":{"rendered":"https:\/\/grupotextil.es\/producto\/taza-azcero-inoxidable-stamina-marly-1585\/"},"modified":"2026-03-04T06:14:53","modified_gmt":"2026-03-04T05:14:53","slug":"taza-azcero-inoxidable-stamina-marly-1585","status":"publish","type":"product","link":"https:\/\/grupotextil.es\/ca\/product\/taza-azcero-inoxidable-stamina-marly-1585\/","title":{"rendered":"Taza Azcero Inoxidable Stamina Marly 1585"},"content":{"rendered":"<p>Taza de acero inoxidable 304 de doble pared con exterior en bamb\u00fa. Con capacidad para 450ml. Cuenta con tapa dosificadora con doble abertura. Esta tapa, adem\u00e1s, est\u00e1 reforzada con un anillo de silicona que le confiere mayor seguridad antigoteo. Su dise\u00f1o original y ergon\u00f3mico la convierten en una taza funcional, elegante y pr\u00e1ctica.<\/p>","protected":false},"excerpt":{"rendered":"<p>Taza de acero inoxidable 304 de doble pared con exterior en bamb\u00fa. Con capacidad para 450ml. Cuenta con tapa dosificadora con doble abertura. Esta tapa, adem\u00e1s, est\u00e1 reforzada con un anillo de silicona que le confiere mayor seguridad antigoteo. Su dise\u00f1o original y ergon\u00f3mico la convierten en una taza funcional, elegante y pr\u00e1ctica.<\/p>","protected":false},"featured_media":212280,"comment_status":"open","ping_status":"closed","template":"","meta":{"_acf_changed":false},"product_brand":[14012],"product_cat":[14006,13971],"product_tag":[],"class_list":{"0":"post-212279","1":"product","2":"type-product","3":"status-publish","4":"has-post-thumbnail","6":"product_brand-stamina","7":"product_cat-acc-merchandising","8":"product_cat-mr-tazas","9":"tm-no-options","11":"first","12":"instock","13":"taxable","14":"shipping-taxable","15":"product-type-variable"},"acf":[],"_links":{"self":[{"href":"https:\/\/grupotextil.es\/ca\/wp-json\/wp\/v2\/product\/212279","targetHints":{"allow":["GET"]}}],"collection":[{"href":"https:\/\/grupotextil.es\/ca\/wp-json\/wp\/v2\/product"}],"about":[{"href":"https:\/\/grupotextil.es\/ca\/wp-json\/wp\/v2\/types\/product"}],"replies":[{"embeddable":true,"href":"https:\/\/grupotextil.es\/ca\/wp-json\/wp\/v2\/comments?post=212279"}],"wp:featuredmedia":[{"embeddable":true,"href":"https:\/\/grupotextil.es\/ca\/wp-json\/wp\/v2\/media\/212280"}],"wp:attachment":[{"href":"https:\/\/grupotextil.es\/ca\/wp-json\/wp\/v2\/media?parent=212279"}],"wp:term":[{"taxonomy":"product_brand","embeddable":true,"href":"https:\/\/grupotextil.es\/ca\/wp-json\/wp\/v2\/product_brand?post=212279"},{"taxonomy":"product_cat","embeddable":true,"href":"https:\/\/grupotextil.es\/ca\/wp-json\/wp\/v2\/product_cat?post=212279"},{"taxonomy":"product_tag","embeddable":true,"href":"https:\/\/grupotextil.es\/ca\/wp-json\/wp\/v2\/product_tag?post=212279"}],"curies":[{"name":"wp","href":"https:\/\/api.w.org\/{rel}","templated":true}]}}

<p>Taza de acero inoxidable 304 de doble pared con exterior en bambú. Con capacidad para 450ml. Cuenta con tapa dosificadora con doble abertura. Esta tapa, además, está reforzada con un anillo de silicona que le confiere mayor seguridad antigoteo. Su diseño original y ergonómico la convierten en una taza funcional, elegante y práctica.</p>
