{"id":212383,"date":"2026-03-04T02:34:11","date_gmt":"2026-03-04T01:34:11","guid":{"rendered":"https:\/\/grupotextil.es\/producto\/nevera-stamina-denver-1721\/"},"modified":"2026-03-04T06:14:54","modified_gmt":"2026-03-04T05:14:54","slug":"nevera-stamina-denver-1721","status":"publish","type":"product","link":"https:\/\/grupotextil.es\/ca\/product\/nevera-stamina-denver-1721\/","title":{"rendered":"Nevera Stamina Denver 1721"},"content":{"rendered":"<p>Nevera realizada en PU Leather con cinta de transporte ajustable. Cuenta con un compartimento interior isot\u00e9rmico adem\u00e1s de un pr\u00e1ctico bolsillo exterior frontal para el transporte de enseres de menor tama\u00f1o. Su composici\u00f3n la hace un opci\u00f3n resistente y elegante.<\/p>","protected":false},"excerpt":{"rendered":"<p>Nevera realizada en PU Leather con cinta de transporte ajustable. Cuenta con un compartimento interior isot\u00e9rmico adem\u00e1s de un pr\u00e1ctico bolsillo exterior frontal para el transporte de enseres de menor tama\u00f1o. Su composici\u00f3n la hace un opci\u00f3n resistente y elegante.<\/p>","protected":false},"featured_media":212384,"comment_status":"open","ping_status":"closed","template":"","meta":{"_acf_changed":false},"product_brand":[14012],"product_cat":[13961,13954,14006],"product_tag":[],"class_list":{"0":"post-212383","1":"product","2":"type-product","3":"status-publish","4":"has-post-thumbnail","6":"product_brand-stamina","7":"product_cat-mr-articulos-de-playa","8":"product_cat-acc-bolsas-y-mochilas","9":"product_cat-acc-merchandising","10":"tm-no-options","12":"first","13":"instock","14":"taxable","15":"shipping-taxable","16":"product-type-variable"},"acf":[],"_links":{"self":[{"href":"https:\/\/grupotextil.es\/ca\/wp-json\/wp\/v2\/product\/212383","targetHints":{"allow":["GET"]}}],"collection":[{"href":"https:\/\/grupotextil.es\/ca\/wp-json\/wp\/v2\/product"}],"about":[{"href":"https:\/\/grupotextil.es\/ca\/wp-json\/wp\/v2\/types\/product"}],"replies":[{"embeddable":true,"href":"https:\/\/grupotextil.es\/ca\/wp-json\/wp\/v2\/comments?post=212383"}],"wp:featuredmedia":[{"embeddable":true,"href":"https:\/\/grupotextil.es\/ca\/wp-json\/wp\/v2\/media\/212384"}],"wp:attachment":[{"href":"https:\/\/grupotextil.es\/ca\/wp-json\/wp\/v2\/media?parent=212383"}],"wp:term":[{"taxonomy":"product_brand","embeddable":true,"href":"https:\/\/grupotextil.es\/ca\/wp-json\/wp\/v2\/product_brand?post=212383"},{"taxonomy":"product_cat","embeddable":true,"href":"https:\/\/grupotextil.es\/ca\/wp-json\/wp\/v2\/product_cat?post=212383"},{"taxonomy":"product_tag","embeddable":true,"href":"https:\/\/grupotextil.es\/ca\/wp-json\/wp\/v2\/product_tag?post=212383"}],"curies":[{"name":"wp","href":"https:\/\/api.w.org\/{rel}","templated":true}]}}

<p>Nevera realizada en PU Leather con cinta de transporte ajustable. Cuenta con un compartimento interior isotérmico además de un práctico bolsillo exterior frontal para el transporte de enseres de menor tamaño. Su composición la hace un opción resistente y elegante.</p>
