{"id":212515,"date":"2026-03-04T02:36:37","date_gmt":"2026-03-04T01:36:37","guid":{"rendered":"https:\/\/grupotextil.es\/producto\/nevera-stamina-poplar-1722\/"},"modified":"2026-03-04T06:14:56","modified_gmt":"2026-03-04T05:14:56","slug":"nevera-stamina-poplar-1722","status":"publish","type":"product","link":"https:\/\/grupotextil.es\/ca\/product\/nevera-stamina-poplar-1722\/","title":{"rendered":"Nevera Stamina Poplar 1722"},"content":{"rendered":"<p>Nevera realizada en 600D RPET, ofrece un dise\u00f1o sostenible y pr\u00e1ctico. Original dise\u00f1o con cierre en buckle que permite un transporte f\u00e1cil y m\u00e1s funcionalidad en su uso. Cuenta con un compartimento interior principal isot\u00e9rmico, adem\u00e1s de un dise\u00f1o funcional en combinaci\u00f3n con su tejido vigor\u00e9.<\/p>","protected":false},"excerpt":{"rendered":"<p>Nevera realizada en 600D RPET, ofrece un dise\u00f1o sostenible y pr\u00e1ctico. Original dise\u00f1o con cierre en buckle que permite un transporte f\u00e1cil y m\u00e1s funcionalidad en su uso. Cuenta con un compartimento interior principal isot\u00e9rmico, adem\u00e1s de un dise\u00f1o funcional en combinaci\u00f3n con su tejido vigor\u00e9.<\/p>","protected":false},"featured_media":212516,"comment_status":"open","ping_status":"closed","template":"","meta":{"_acf_changed":false},"product_brand":[14012],"product_cat":[13961,13954,14006],"product_tag":[],"class_list":{"0":"post-212515","1":"product","2":"type-product","3":"status-publish","4":"has-post-thumbnail","6":"product_brand-stamina","7":"product_cat-mr-articulos-de-playa","8":"product_cat-acc-bolsas-y-mochilas","9":"product_cat-acc-merchandising","10":"tm-no-options","12":"first","13":"instock","14":"taxable","15":"shipping-taxable","16":"product-type-variable"},"acf":[],"_links":{"self":[{"href":"https:\/\/grupotextil.es\/ca\/wp-json\/wp\/v2\/product\/212515","targetHints":{"allow":["GET"]}}],"collection":[{"href":"https:\/\/grupotextil.es\/ca\/wp-json\/wp\/v2\/product"}],"about":[{"href":"https:\/\/grupotextil.es\/ca\/wp-json\/wp\/v2\/types\/product"}],"replies":[{"embeddable":true,"href":"https:\/\/grupotextil.es\/ca\/wp-json\/wp\/v2\/comments?post=212515"}],"wp:featuredmedia":[{"embeddable":true,"href":"https:\/\/grupotextil.es\/ca\/wp-json\/wp\/v2\/media\/212516"}],"wp:attachment":[{"href":"https:\/\/grupotextil.es\/ca\/wp-json\/wp\/v2\/media?parent=212515"}],"wp:term":[{"taxonomy":"product_brand","embeddable":true,"href":"https:\/\/grupotextil.es\/ca\/wp-json\/wp\/v2\/product_brand?post=212515"},{"taxonomy":"product_cat","embeddable":true,"href":"https:\/\/grupotextil.es\/ca\/wp-json\/wp\/v2\/product_cat?post=212515"},{"taxonomy":"product_tag","embeddable":true,"href":"https:\/\/grupotextil.es\/ca\/wp-json\/wp\/v2\/product_tag?post=212515"}],"curies":[{"name":"wp","href":"https:\/\/api.w.org\/{rel}","templated":true}]}}

<p>Nevera realizada en 600D RPET, ofrece un diseño sostenible y práctico. Original diseño con cierre en buckle que permite un transporte fácil y más funcionalidad en su uso. Cuenta con un compartimento interior principal isotérmico, además de un diseño funcional en combinación con su tejido vigoré.</p>
