{"id":212570,"date":"2026-03-04T02:37:36","date_gmt":"2026-03-04T01:37:36","guid":{"rendered":"https:\/\/grupotextil.es\/producto\/mochila-nevera-infantil-stamina-croker-1755\/"},"modified":"2026-03-04T06:14:56","modified_gmt":"2026-03-04T05:14:56","slug":"mochila-nevera-infantil-stamina-croker-1755","status":"publish","type":"product","link":"https:\/\/grupotextil.es\/ca\/product\/mochila-nevera-infantil-stamina-croker-1755\/","title":{"rendered":"Mochila Nevera Infantil Stamina Croker 1755"},"content":{"rendered":"<p>Mochila nevera para ni\u00f1os con dise\u00f1o de cuerdas ajustables. Con interior isot\u00e9rmico de aluminio y exterior elaborado en poli\u00e9ster reciclado 210D. Una opci\u00f3n perfecta para que los m\u00e1s peque\u00f1os puedan transportar sus bebidas a la temperatura \u00f3ptima.<\/p>","protected":false},"excerpt":{"rendered":"<p>Mochila nevera para ni\u00f1os con dise\u00f1o de cuerdas ajustables. Con interior isot\u00e9rmico de aluminio y exterior elaborado en poli\u00e9ster reciclado 210D. Una opci\u00f3n perfecta para que los m\u00e1s peque\u00f1os puedan transportar sus bebidas a la temperatura \u00f3ptima.<\/p>","protected":false},"featured_media":212571,"comment_status":"open","ping_status":"closed","template":"","meta":{"_acf_changed":false},"product_brand":[14012],"product_cat":[13961,13954,14006],"product_tag":[],"class_list":{"0":"post-212570","1":"product","2":"type-product","3":"status-publish","4":"has-post-thumbnail","6":"product_brand-stamina","7":"product_cat-mr-articulos-de-playa","8":"product_cat-acc-bolsas-y-mochilas","9":"product_cat-acc-merchandising","10":"tm-no-options","12":"first","13":"instock","14":"taxable","15":"shipping-taxable","16":"product-type-variable"},"acf":[],"_links":{"self":[{"href":"https:\/\/grupotextil.es\/ca\/wp-json\/wp\/v2\/product\/212570","targetHints":{"allow":["GET"]}}],"collection":[{"href":"https:\/\/grupotextil.es\/ca\/wp-json\/wp\/v2\/product"}],"about":[{"href":"https:\/\/grupotextil.es\/ca\/wp-json\/wp\/v2\/types\/product"}],"replies":[{"embeddable":true,"href":"https:\/\/grupotextil.es\/ca\/wp-json\/wp\/v2\/comments?post=212570"}],"wp:featuredmedia":[{"embeddable":true,"href":"https:\/\/grupotextil.es\/ca\/wp-json\/wp\/v2\/media\/212571"}],"wp:attachment":[{"href":"https:\/\/grupotextil.es\/ca\/wp-json\/wp\/v2\/media?parent=212570"}],"wp:term":[{"taxonomy":"product_brand","embeddable":true,"href":"https:\/\/grupotextil.es\/ca\/wp-json\/wp\/v2\/product_brand?post=212570"},{"taxonomy":"product_cat","embeddable":true,"href":"https:\/\/grupotextil.es\/ca\/wp-json\/wp\/v2\/product_cat?post=212570"},{"taxonomy":"product_tag","embeddable":true,"href":"https:\/\/grupotextil.es\/ca\/wp-json\/wp\/v2\/product_tag?post=212570"}],"curies":[{"name":"wp","href":"https:\/\/api.w.org\/{rel}","templated":true}]}}

<p>Mochila nevera para niños con diseño de cuerdas ajustables. Con interior isotérmico de aluminio y exterior elaborado en poliéster reciclado 210D. Una opción perfecta para que los más pequeños puedan transportar sus bebidas a la temperatura óptima.</p>
