{"id":212972,"date":"2026-03-04T02:44:52","date_gmt":"2026-03-04T01:44:52","guid":{"rendered":"https:\/\/grupotextil.es\/producto\/lanyard-portamovil-stamina-suki-1730\/"},"modified":"2026-03-04T06:15:00","modified_gmt":"2026-03-04T05:15:00","slug":"lanyard-portamovil-stamina-suki-1730","status":"publish","type":"product","link":"https:\/\/grupotextil.es\/ca\/product\/lanyard-portamovil-stamina-suki-1730\/","title":{"rendered":"Lanyard Portam\u00f3vil Stamina Suki 1730"},"content":{"rendered":"<p>Lanyard portam\u00f3vil de poli\u00e9ster reciclado RPET. Con cinta ajustable y mosquet\u00f3n incluido.<\/p>","protected":false},"excerpt":{"rendered":"<p>Lanyard portam\u00f3vil de poli\u00e9ster reciclado RPET. Con cinta ajustable y mosquet\u00f3n incluido.<\/p>","protected":false},"featured_media":212973,"comment_status":"open","ping_status":"closed","template":"","meta":{"_acf_changed":false},"product_brand":[14012],"product_cat":[9841],"product_tag":[],"class_list":{"0":"post-212972","1":"product","2":"type-product","3":"status-publish","4":"has-post-thumbnail","6":"product_brand-stamina","7":"product_cat-sostenible","8":"tm-no-options","10":"first","11":"outofstock","12":"taxable","13":"shipping-taxable","14":"product-type-variable"},"acf":[],"_links":{"self":[{"href":"https:\/\/grupotextil.es\/ca\/wp-json\/wp\/v2\/product\/212972","targetHints":{"allow":["GET"]}}],"collection":[{"href":"https:\/\/grupotextil.es\/ca\/wp-json\/wp\/v2\/product"}],"about":[{"href":"https:\/\/grupotextil.es\/ca\/wp-json\/wp\/v2\/types\/product"}],"replies":[{"embeddable":true,"href":"https:\/\/grupotextil.es\/ca\/wp-json\/wp\/v2\/comments?post=212972"}],"wp:featuredmedia":[{"embeddable":true,"href":"https:\/\/grupotextil.es\/ca\/wp-json\/wp\/v2\/media\/212973"}],"wp:attachment":[{"href":"https:\/\/grupotextil.es\/ca\/wp-json\/wp\/v2\/media?parent=212972"}],"wp:term":[{"taxonomy":"product_brand","embeddable":true,"href":"https:\/\/grupotextil.es\/ca\/wp-json\/wp\/v2\/product_brand?post=212972"},{"taxonomy":"product_cat","embeddable":true,"href":"https:\/\/grupotextil.es\/ca\/wp-json\/wp\/v2\/product_cat?post=212972"},{"taxonomy":"product_tag","embeddable":true,"href":"https:\/\/grupotextil.es\/ca\/wp-json\/wp\/v2\/product_tag?post=212972"}],"curies":[{"name":"wp","href":"https:\/\/api.w.org\/{rel}","templated":true}]}}

Lanyard Portamóvil Stamina Suki 1730

<p>Lanyard portamóvil de poliéster reciclado RPET. Con cinta ajustable y mosquetón incluido.</p>
