{"id":216756,"date":"2026-03-04T03:35:29","date_gmt":"2026-03-04T02:35:29","guid":{"rendered":"https:\/\/grupotextil.es\/producto\/cargador-inalambrico-con-soporte-para-movil-y-bloc-de-notas-stamina-mariel-1084\/"},"modified":"2026-03-04T06:15:23","modified_gmt":"2026-03-04T05:15:23","slug":"cargador-inalambrico-con-soporte-para-movil-y-bloc-de-notas-stamina-mariel-1084","status":"publish","type":"product","link":"https:\/\/grupotextil.es\/ca\/product\/cargador-inalambrico-con-soporte-para-movil-y-bloc-de-notas-stamina-mariel-1084\/","title":{"rendered":"Cargador Inal\u00e1mbrico con Soporte para M\u00f3vil y Bloc De Notas Stamina Mariel 1084"},"content":{"rendered":"<p>Puerto USB elaborado en bamb\u00fa. Incluye cuatro puertos: dos tipo USB y dos Tipo C. Cable USB incorporado con adaptador a Tipo C. Cuenta con soporte para dispositivos y un pr\u00e1ctico bloc de notas de 130 hojas.<\/p>\n<p>&nbsp;<\/p>","protected":false},"excerpt":{"rendered":"<p>Puerto USB elaborado en bamb\u00fa. Incluye cuatro puertos: dos tipo USB y dos Tipo C. Cable USB incorporado con adaptador a Tipo C. Cuenta con soporte para dispositivos y un pr\u00e1ctico bloc de notas de 130 hojas.<\/p>\n<p>&nbsp;<\/p>","protected":false},"featured_media":216757,"comment_status":"open","ping_status":"closed","template":"","meta":{"_acf_changed":false},"product_brand":[14012],"product_cat":[14006,13959],"product_tag":[],"class_list":{"0":"post-216756","1":"product","2":"type-product","3":"status-publish","4":"has-post-thumbnail","6":"product_brand-stamina","7":"product_cat-acc-merchandising","8":"product_cat-mr-tecnologia","9":"tm-no-options","11":"first","12":"instock","13":"taxable","14":"shipping-taxable","15":"product-type-variable"},"acf":[],"_links":{"self":[{"href":"https:\/\/grupotextil.es\/ca\/wp-json\/wp\/v2\/product\/216756","targetHints":{"allow":["GET"]}}],"collection":[{"href":"https:\/\/grupotextil.es\/ca\/wp-json\/wp\/v2\/product"}],"about":[{"href":"https:\/\/grupotextil.es\/ca\/wp-json\/wp\/v2\/types\/product"}],"replies":[{"embeddable":true,"href":"https:\/\/grupotextil.es\/ca\/wp-json\/wp\/v2\/comments?post=216756"}],"wp:featuredmedia":[{"embeddable":true,"href":"https:\/\/grupotextil.es\/ca\/wp-json\/wp\/v2\/media\/216757"}],"wp:attachment":[{"href":"https:\/\/grupotextil.es\/ca\/wp-json\/wp\/v2\/media?parent=216756"}],"wp:term":[{"taxonomy":"product_brand","embeddable":true,"href":"https:\/\/grupotextil.es\/ca\/wp-json\/wp\/v2\/product_brand?post=216756"},{"taxonomy":"product_cat","embeddable":true,"href":"https:\/\/grupotextil.es\/ca\/wp-json\/wp\/v2\/product_cat?post=216756"},{"taxonomy":"product_tag","embeddable":true,"href":"https:\/\/grupotextil.es\/ca\/wp-json\/wp\/v2\/product_tag?post=216756"}],"curies":[{"name":"wp","href":"https:\/\/api.w.org\/{rel}","templated":true}]}}

Cargador Inalámbrico con Soporte para Móvil y Bloc De Notas Stamina Mariel 1084

<p>Puerto USB elaborado en bambú. Incluye cuatro puertos: dos tipo USB y dos Tipo C. Cable USB incorporado con adaptador a Tipo C. Cuenta con soporte para dispositivos y un práctico bloc de notas de 130 hojas.</p>
<p>&nbsp;</p>
