{"id":216805,"date":"2026-03-04T03:36:24","date_gmt":"2026-03-04T02:36:24","guid":{"rendered":"https:\/\/grupotextil.es\/producto\/lapicero-con-cargador-inalambrico-stamina-kodix-1081\/"},"modified":"2026-03-04T06:15:23","modified_gmt":"2026-03-04T05:15:23","slug":"lapicero-con-cargador-inalambrico-stamina-kodix-1081","status":"publish","type":"product","link":"https:\/\/grupotextil.es\/ca\/product\/lapicero-con-cargador-inalambrico-stamina-kodix-1081\/","title":{"rendered":"Lapicero con Cargador Inal\u00e1mbrico Stamina Kodix 1081"},"content":{"rendered":"<p>Lapicero multifunci\u00f3n realizado en bamb\u00fa con superficie vertical de carga inal\u00e1mbrica con potencia de salida de 10W. Cuenta con soporte para smartphone. Con puerto de entrada Tipo C para conexi\u00f3n. Con un dise\u00f1o original y pr\u00e1ctico, es una opci\u00f3n funcional a la vez que sostenible.<\/p>","protected":false},"excerpt":{"rendered":"<p>Lapicero multifunci\u00f3n realizado en bamb\u00fa con superficie vertical de carga inal\u00e1mbrica con potencia de salida de 10W. Cuenta con soporte para smartphone. Con puerto de entrada Tipo C para conexi\u00f3n. Con un dise\u00f1o original y pr\u00e1ctico, es una opci\u00f3n funcional a la vez que sostenible.<\/p>","protected":false},"featured_media":216806,"comment_status":"open","ping_status":"closed","template":"","meta":{"_acf_changed":false},"product_brand":[14012],"product_cat":[14006,13959],"product_tag":[],"class_list":{"0":"post-216805","1":"product","2":"type-product","3":"status-publish","4":"has-post-thumbnail","6":"product_brand-stamina","7":"product_cat-acc-merchandising","8":"product_cat-mr-tecnologia","9":"tm-no-options","11":"first","12":"instock","13":"taxable","14":"shipping-taxable","15":"product-type-variable"},"acf":[],"_links":{"self":[{"href":"https:\/\/grupotextil.es\/ca\/wp-json\/wp\/v2\/product\/216805","targetHints":{"allow":["GET"]}}],"collection":[{"href":"https:\/\/grupotextil.es\/ca\/wp-json\/wp\/v2\/product"}],"about":[{"href":"https:\/\/grupotextil.es\/ca\/wp-json\/wp\/v2\/types\/product"}],"replies":[{"embeddable":true,"href":"https:\/\/grupotextil.es\/ca\/wp-json\/wp\/v2\/comments?post=216805"}],"wp:featuredmedia":[{"embeddable":true,"href":"https:\/\/grupotextil.es\/ca\/wp-json\/wp\/v2\/media\/216806"}],"wp:attachment":[{"href":"https:\/\/grupotextil.es\/ca\/wp-json\/wp\/v2\/media?parent=216805"}],"wp:term":[{"taxonomy":"product_brand","embeddable":true,"href":"https:\/\/grupotextil.es\/ca\/wp-json\/wp\/v2\/product_brand?post=216805"},{"taxonomy":"product_cat","embeddable":true,"href":"https:\/\/grupotextil.es\/ca\/wp-json\/wp\/v2\/product_cat?post=216805"},{"taxonomy":"product_tag","embeddable":true,"href":"https:\/\/grupotextil.es\/ca\/wp-json\/wp\/v2\/product_tag?post=216805"}],"curies":[{"name":"wp","href":"https:\/\/api.w.org\/{rel}","templated":true}]}}

Lapicero con Cargador Inalámbrico Stamina Kodix 1081

<p>Lapicero multifunción realizado en bambú con superficie vertical de carga inalámbrica con potencia de salida de 10W. Cuenta con soporte para smartphone. Con puerto de entrada Tipo C para conexión. Con un diseño original y práctico, es una opción funcional a la vez que sostenible.</p>
