{"id":216818,"date":"2026-03-04T03:36:40","date_gmt":"2026-03-04T02:36:40","guid":{"rendered":"https:\/\/grupotextil.es\/producto\/cargador-inalambrico-con-soporte-para-movil-stamina-brian-1092\/"},"modified":"2026-03-04T06:15:23","modified_gmt":"2026-03-04T05:15:23","slug":"cargador-inalambrico-con-soporte-para-movil-stamina-brian-1092","status":"publish","type":"product","link":"https:\/\/grupotextil.es\/ca\/product\/cargador-inalambrico-con-soporte-para-movil-stamina-brian-1092\/","title":{"rendered":"Cargador Inal\u00e1mbrico con Soporte para M\u00f3vil Stamina Brian 1092"},"content":{"rendered":"<p><strong>PRODUCTO QUE SE DESCATALOGAR\u00c1 CUANDO SE AGOTEN LAS EXISTENCIAS<\/strong> \u2013 El cargador inal\u00e1mbrico con cuerpo elaborado en corcho y superficie de carga inal\u00e1mbrica en bamb\u00fa. Con potencia de 10W y soporte para smartphone y para bol\u00edgrafo. Compatible con dispositivos provistos de tecnolog\u00eda de carga inal\u00e1mbrica.<\/p>","protected":false},"excerpt":{"rendered":"<p><strong>PRODUCTO QUE SE DESCATALOGAR\u00c1 CUANDO SE AGOTEN LAS EXISTENCIAS<\/strong> \u2013 El cargador inal\u00e1mbrico con cuerpo elaborado en corcho y superficie de carga inal\u00e1mbrica en bamb\u00fa. Con potencia de 10W y soporte para smartphone y para bol\u00edgrafo. Compatible con dispositivos provistos de tecnolog\u00eda de carga inal\u00e1mbrica.<\/p>","protected":false},"featured_media":216819,"comment_status":"open","ping_status":"closed","template":"","meta":{"_acf_changed":false},"product_brand":[14012],"product_cat":[14006,13959],"product_tag":[],"class_list":{"0":"post-216818","1":"product","2":"type-product","3":"status-publish","4":"has-post-thumbnail","6":"product_brand-stamina","7":"product_cat-acc-merchandising","8":"product_cat-mr-tecnologia","9":"tm-no-options","11":"first","12":"instock","13":"taxable","14":"shipping-taxable","15":"product-type-variable"},"acf":[],"_links":{"self":[{"href":"https:\/\/grupotextil.es\/ca\/wp-json\/wp\/v2\/product\/216818","targetHints":{"allow":["GET"]}}],"collection":[{"href":"https:\/\/grupotextil.es\/ca\/wp-json\/wp\/v2\/product"}],"about":[{"href":"https:\/\/grupotextil.es\/ca\/wp-json\/wp\/v2\/types\/product"}],"replies":[{"embeddable":true,"href":"https:\/\/grupotextil.es\/ca\/wp-json\/wp\/v2\/comments?post=216818"}],"wp:featuredmedia":[{"embeddable":true,"href":"https:\/\/grupotextil.es\/ca\/wp-json\/wp\/v2\/media\/216819"}],"wp:attachment":[{"href":"https:\/\/grupotextil.es\/ca\/wp-json\/wp\/v2\/media?parent=216818"}],"wp:term":[{"taxonomy":"product_brand","embeddable":true,"href":"https:\/\/grupotextil.es\/ca\/wp-json\/wp\/v2\/product_brand?post=216818"},{"taxonomy":"product_cat","embeddable":true,"href":"https:\/\/grupotextil.es\/ca\/wp-json\/wp\/v2\/product_cat?post=216818"},{"taxonomy":"product_tag","embeddable":true,"href":"https:\/\/grupotextil.es\/ca\/wp-json\/wp\/v2\/product_tag?post=216818"}],"curies":[{"name":"wp","href":"https:\/\/api.w.org\/{rel}","templated":true}]}}

Cargador Inalámbrico con Soporte para Móvil Stamina Brian 1092

<p><strong>PRODUCTO QUE SE DESCATALOGARÁ CUANDO SE AGOTEN LAS EXISTENCIAS</strong> – El cargador inalámbrico con cuerpo elaborado en corcho y superficie de carga inalámbrica en bambú. Con potencia de 10W y soporte para smartphone y para bolígrafo. Compatible con dispositivos provistos de tecnología de carga inalámbrica.</p>
