{"id":217796,"date":"2026-03-04T03:51:36","date_gmt":"2026-03-04T02:51:36","guid":{"rendered":"https:\/\/grupotextil.es\/producto\/termo-de-acero-inoxidable-y-bambu-natural-stamina-cedro-4206\/"},"modified":"2026-03-04T06:15:29","modified_gmt":"2026-03-04T05:15:29","slug":"termo-de-acero-inoxidable-y-bambu-natural-stamina-cedro-4206","status":"publish","type":"product","link":"https:\/\/grupotextil.es\/ca\/product\/termo-de-acero-inoxidable-y-bambu-natural-stamina-cedro-4206\/","title":{"rendered":"Termo de Acero Inoxidable y Bamb\u00fa Natural Stamina Cedro 4206"},"content":{"rendered":"<p><strong>PRODUCTO QUE SE DESCATALOGAR\u00c1 CUANDO SE AGOTEN LAS EXISTENCIAS<\/strong> \u2013 Termo doble pared de acero inoxidable 304 y bamb\u00fa natural con infusor. Incluye term\u00f3metro digital t\u00e1ctil en la tapa para saber la temperatura de tu bebida, ideal para saber si tu bebida est\u00e1 caliente o fr\u00eda. Capacidad de 480 ml.<\/p>","protected":false},"excerpt":{"rendered":"<p><strong>PRODUCTO QUE SE DESCATALOGAR\u00c1 CUANDO SE AGOTEN LAS EXISTENCIAS<\/strong> \u2013 Termo doble pared de acero inoxidable 304 y bamb\u00fa natural con infusor. Incluye term\u00f3metro digital t\u00e1ctil en la tapa para saber la temperatura de tu bebida, ideal para saber si tu bebida est\u00e1 caliente o fr\u00eda. Capacidad de 480 ml.<\/p>","protected":false},"featured_media":217797,"comment_status":"open","ping_status":"closed","template":"","meta":{"_acf_changed":false},"product_brand":[14012],"product_cat":[13958,14006,13971],"product_tag":[],"class_list":{"0":"post-217796","1":"product","2":"type-product","3":"status-publish","4":"has-post-thumbnail","6":"product_brand-stamina","7":"product_cat-mr-botellas-y-termos","8":"product_cat-acc-merchandising","9":"product_cat-mr-tazas","10":"tm-no-options","12":"first","13":"outofstock","14":"taxable","15":"shipping-taxable","16":"product-type-variable"},"acf":[],"_links":{"self":[{"href":"https:\/\/grupotextil.es\/ca\/wp-json\/wp\/v2\/product\/217796","targetHints":{"allow":["GET"]}}],"collection":[{"href":"https:\/\/grupotextil.es\/ca\/wp-json\/wp\/v2\/product"}],"about":[{"href":"https:\/\/grupotextil.es\/ca\/wp-json\/wp\/v2\/types\/product"}],"replies":[{"embeddable":true,"href":"https:\/\/grupotextil.es\/ca\/wp-json\/wp\/v2\/comments?post=217796"}],"wp:featuredmedia":[{"embeddable":true,"href":"https:\/\/grupotextil.es\/ca\/wp-json\/wp\/v2\/media\/217797"}],"wp:attachment":[{"href":"https:\/\/grupotextil.es\/ca\/wp-json\/wp\/v2\/media?parent=217796"}],"wp:term":[{"taxonomy":"product_brand","embeddable":true,"href":"https:\/\/grupotextil.es\/ca\/wp-json\/wp\/v2\/product_brand?post=217796"},{"taxonomy":"product_cat","embeddable":true,"href":"https:\/\/grupotextil.es\/ca\/wp-json\/wp\/v2\/product_cat?post=217796"},{"taxonomy":"product_tag","embeddable":true,"href":"https:\/\/grupotextil.es\/ca\/wp-json\/wp\/v2\/product_tag?post=217796"}],"curies":[{"name":"wp","href":"https:\/\/api.w.org\/{rel}","templated":true}]}}

Termo de Acero Inoxidable y Bambú Natural Stamina Cedro 4206

<p><strong>PRODUCTO QUE SE DESCATALOGARÁ CUANDO SE AGOTEN LAS EXISTENCIAS</strong> – Termo doble pared de acero inoxidable 304 y bambú natural con infusor. Incluye termómetro digital táctil en la tapa para saber la temperatura de tu bebida, ideal para saber si tu bebida está caliente o fría. Capacidad de 480 ml.</p>
