{"id":217803,"date":"2026-03-04T03:51:44","date_gmt":"2026-03-04T02:51:44","guid":{"rendered":"https:\/\/grupotextil.es\/producto\/escalimetro-con-diseno-triangular-stamina-dintel-3983\/"},"modified":"2026-03-04T06:15:29","modified_gmt":"2026-03-04T05:15:29","slug":"escalimetro-con-diseno-triangular-stamina-dintel-3983","status":"publish","type":"product","link":"https:\/\/grupotextil.es\/ca\/product\/escalimetro-con-diseno-triangular-stamina-dintel-3983\/","title":{"rendered":"Escal\u00edmetro con Dise\u00f1o Triangular Stamina Dintel 3983"},"content":{"rendered":"<p>Escal\u00edmetro de aluminio con dise\u00f1o triangular de 30 cm. Escalas 1:20, 1:25, 1:50, 1:75 y 1:100. Una cara lisa especial para marcaje.<\/p>","protected":false},"excerpt":{"rendered":"<p>Escal\u00edmetro de aluminio con dise\u00f1o triangular de 30 cm. Escalas 1:20, 1:25, 1:50, 1:75 y 1:100. Una cara lisa especial para marcaje.<\/p>","protected":false},"featured_media":217804,"comment_status":"open","ping_status":"closed","template":"","meta":{"_acf_changed":false},"product_brand":[14012],"product_cat":[13973],"product_tag":[],"class_list":{"0":"post-217803","1":"product","2":"type-product","3":"status-publish","4":"has-post-thumbnail","6":"product_brand-stamina","7":"product_cat-ropa","8":"tm-no-options","10":"first","11":"instock","12":"taxable","13":"shipping-taxable","14":"product-type-variable"},"acf":[],"_links":{"self":[{"href":"https:\/\/grupotextil.es\/ca\/wp-json\/wp\/v2\/product\/217803","targetHints":{"allow":["GET"]}}],"collection":[{"href":"https:\/\/grupotextil.es\/ca\/wp-json\/wp\/v2\/product"}],"about":[{"href":"https:\/\/grupotextil.es\/ca\/wp-json\/wp\/v2\/types\/product"}],"replies":[{"embeddable":true,"href":"https:\/\/grupotextil.es\/ca\/wp-json\/wp\/v2\/comments?post=217803"}],"wp:featuredmedia":[{"embeddable":true,"href":"https:\/\/grupotextil.es\/ca\/wp-json\/wp\/v2\/media\/217804"}],"wp:attachment":[{"href":"https:\/\/grupotextil.es\/ca\/wp-json\/wp\/v2\/media?parent=217803"}],"wp:term":[{"taxonomy":"product_brand","embeddable":true,"href":"https:\/\/grupotextil.es\/ca\/wp-json\/wp\/v2\/product_brand?post=217803"},{"taxonomy":"product_cat","embeddable":true,"href":"https:\/\/grupotextil.es\/ca\/wp-json\/wp\/v2\/product_cat?post=217803"},{"taxonomy":"product_tag","embeddable":true,"href":"https:\/\/grupotextil.es\/ca\/wp-json\/wp\/v2\/product_tag?post=217803"}],"curies":[{"name":"wp","href":"https:\/\/api.w.org\/{rel}","templated":true}]}}

Escalímetro con Diseño Triangular Stamina Dintel 3983

<p>Escalímetro de aluminio con diseño triangular de 30 cm. Escalas 1:20, 1:25, 1:50, 1:75 y 1:100. Una cara lisa especial para marcaje.</p>
