{"id":218065,"date":"2026-03-04T03:57:16","date_gmt":"2026-03-04T02:57:16","guid":{"rendered":"https:\/\/grupotextil.es\/producto\/libreta-a5-de-cuero-reciclado-con-tapa-rigida-stamina-korum-7974\/"},"modified":"2026-03-04T06:15:32","modified_gmt":"2026-03-04T05:15:32","slug":"libreta-a5-de-cuero-reciclado-con-tapa-rigida-stamina-korum-7974","status":"publish","type":"product","link":"https:\/\/grupotextil.es\/ca\/product\/libreta-a5-de-cuero-reciclado-con-tapa-rigida-stamina-korum-7974\/","title":{"rendered":"Libreta A5 de Cuero Reciclado con Tapa R\u00edgida Stamina Korum 7974"},"content":{"rendered":"<p>Bloc de notas A5 con tapa r\u00edgida elaborada con cuero reciclado. Marcap\u00e1ginas y banda el\u00e1stica de cierre. Cuenta con 100 hojas a una l\u00ednea.<\/p>","protected":false},"excerpt":{"rendered":"<p>Bloc de notas A5 con tapa r\u00edgida elaborada con cuero reciclado. Marcap\u00e1ginas y banda el\u00e1stica de cierre. Cuenta con 100 hojas a una l\u00ednea.<\/p>","protected":false},"featured_media":218066,"comment_status":"open","ping_status":"closed","template":"","meta":{"_acf_changed":false},"product_brand":[14012],"product_cat":[14006,13972],"product_tag":[],"class_list":{"0":"post-218065","1":"product","2":"type-product","3":"status-publish","4":"has-post-thumbnail","6":"product_brand-stamina","7":"product_cat-acc-merchandising","8":"product_cat-oficina-y-escritura","9":"tm-no-options","11":"first","12":"instock","13":"taxable","14":"shipping-taxable","15":"product-type-variable"},"acf":[],"_links":{"self":[{"href":"https:\/\/grupotextil.es\/ca\/wp-json\/wp\/v2\/product\/218065","targetHints":{"allow":["GET"]}}],"collection":[{"href":"https:\/\/grupotextil.es\/ca\/wp-json\/wp\/v2\/product"}],"about":[{"href":"https:\/\/grupotextil.es\/ca\/wp-json\/wp\/v2\/types\/product"}],"replies":[{"embeddable":true,"href":"https:\/\/grupotextil.es\/ca\/wp-json\/wp\/v2\/comments?post=218065"}],"wp:featuredmedia":[{"embeddable":true,"href":"https:\/\/grupotextil.es\/ca\/wp-json\/wp\/v2\/media\/218066"}],"wp:attachment":[{"href":"https:\/\/grupotextil.es\/ca\/wp-json\/wp\/v2\/media?parent=218065"}],"wp:term":[{"taxonomy":"product_brand","embeddable":true,"href":"https:\/\/grupotextil.es\/ca\/wp-json\/wp\/v2\/product_brand?post=218065"},{"taxonomy":"product_cat","embeddable":true,"href":"https:\/\/grupotextil.es\/ca\/wp-json\/wp\/v2\/product_cat?post=218065"},{"taxonomy":"product_tag","embeddable":true,"href":"https:\/\/grupotextil.es\/ca\/wp-json\/wp\/v2\/product_tag?post=218065"}],"curies":[{"name":"wp","href":"https:\/\/api.w.org\/{rel}","templated":true}]}}

Libreta A5 de Cuero Reciclado con Tapa Rígida Stamina Korum 7974

<p>Bloc de notas A5 con tapa rígida elaborada con cuero reciclado. Marcapáginas y banda elástica de cierre. Cuenta con 100 hojas a una línea.</p>
