{"id":218325,"date":"2026-03-04T04:02:18","date_gmt":"2026-03-04T03:02:18","guid":{"rendered":"https:\/\/grupotextil.es\/producto\/bolsa-stamina-inca-7189\/"},"modified":"2026-03-04T06:15:34","modified_gmt":"2026-03-04T05:15:34","slug":"bolsa-stamina-inca-7189","status":"publish","type":"product","link":"https:\/\/grupotextil.es\/ca\/product\/bolsa-stamina-inca-7189\/","title":{"rendered":"Bolsa Stamina Inca 7189"},"content":{"rendered":"<p><strong>PRODUCTO QUE SE DESCATALOGAR\u00c1 CUANDO SE AGOTEN LAS EXISTENCIAS<\/strong> \u2013 Bolsa bicolor de algod\u00f3n reciclado con acabado jaspeado en el cuerpo y algod\u00f3n natural de 120 g\/m\u00b2 en la parte inferior. Incorpora fuelle, haci\u00e9ndola m\u00e1s adaptable al transporte de diferentes enseres. Cuenta con asas largas reforzadas de 70 cm para hacerla m\u00e1s c\u00f3moda y resistente.<\/p>","protected":false},"excerpt":{"rendered":"<p><strong>PRODUCTO QUE SE DESCATALOGAR\u00c1 CUANDO SE AGOTEN LAS EXISTENCIAS<\/strong> \u2013 Bolsa bicolor de algod\u00f3n reciclado con acabado jaspeado en el cuerpo y algod\u00f3n natural de 120 g\/m\u00b2 en la parte inferior. Incorpora fuelle, haci\u00e9ndola m\u00e1s adaptable al transporte de diferentes enseres. Cuenta con asas largas reforzadas de 70 cm para hacerla m\u00e1s c\u00f3moda y resistente.<\/p>","protected":false},"featured_media":218326,"comment_status":"open","ping_status":"closed","template":"","meta":{"_acf_changed":false},"product_brand":[14012],"product_cat":[13954],"product_tag":[],"class_list":{"0":"post-218325","1":"product","2":"type-product","3":"status-publish","4":"has-post-thumbnail","6":"product_brand-stamina","7":"product_cat-acc-bolsas-y-mochilas","8":"tm-no-options","10":"first","11":"instock","12":"taxable","13":"shipping-taxable","14":"product-type-variable"},"acf":[],"_links":{"self":[{"href":"https:\/\/grupotextil.es\/ca\/wp-json\/wp\/v2\/product\/218325","targetHints":{"allow":["GET"]}}],"collection":[{"href":"https:\/\/grupotextil.es\/ca\/wp-json\/wp\/v2\/product"}],"about":[{"href":"https:\/\/grupotextil.es\/ca\/wp-json\/wp\/v2\/types\/product"}],"replies":[{"embeddable":true,"href":"https:\/\/grupotextil.es\/ca\/wp-json\/wp\/v2\/comments?post=218325"}],"wp:featuredmedia":[{"embeddable":true,"href":"https:\/\/grupotextil.es\/ca\/wp-json\/wp\/v2\/media\/218326"}],"wp:attachment":[{"href":"https:\/\/grupotextil.es\/ca\/wp-json\/wp\/v2\/media?parent=218325"}],"wp:term":[{"taxonomy":"product_brand","embeddable":true,"href":"https:\/\/grupotextil.es\/ca\/wp-json\/wp\/v2\/product_brand?post=218325"},{"taxonomy":"product_cat","embeddable":true,"href":"https:\/\/grupotextil.es\/ca\/wp-json\/wp\/v2\/product_cat?post=218325"},{"taxonomy":"product_tag","embeddable":true,"href":"https:\/\/grupotextil.es\/ca\/wp-json\/wp\/v2\/product_tag?post=218325"}],"curies":[{"name":"wp","href":"https:\/\/api.w.org\/{rel}","templated":true}]}}

<p><strong>PRODUCTO QUE SE DESCATALOGARÁ CUANDO SE AGOTEN LAS EXISTENCIAS</strong> – Bolsa bicolor de algodón reciclado con acabado jaspeado en el cuerpo y algodón natural de 120 g/m² en la parte inferior. Incorpora fuelle, haciéndola más adaptable al transporte de diferentes enseres. Cuenta con asas largas reforzadas de 70 cm para hacerla más cómoda y resistente.</p>
