{"id":218407,"date":"2026-03-04T04:04:20","date_gmt":"2026-03-04T03:04:20","guid":{"rendered":"https:\/\/grupotextil.es\/producto\/cargador-inalambrico-de-bambu-y-rpet-stamina-sibon-2988\/"},"modified":"2026-03-04T06:15:35","modified_gmt":"2026-03-04T05:15:35","slug":"cargador-inalambrico-de-bambu-y-rpet-stamina-sibon-2988","status":"publish","type":"product","link":"https:\/\/grupotextil.es\/ca\/product\/cargador-inalambrico-de-bambu-y-rpet-stamina-sibon-2988\/","title":{"rendered":"Cargador Inal\u00e1mbrico de Bamb\u00fa y RPET Stamina Sibon 2988"},"content":{"rendered":"<p><strong>PRODUCTO QUE SE DESCATALOGAR\u00c1 CUANDO SE AGOTEN LAS EXISTENCIAS<\/strong> \u2013 Cargador inal\u00e1mbrico con cuerpo elaborado en tejido RPET y superficie de carga en bamb\u00fa. Compatible con dispositivos provistos de tecnolog\u00eda de carga inal\u00e1mbrica. Potencia de carga 10W. Cable de conexi\u00f3n tipo C incluido.<\/p>","protected":false},"excerpt":{"rendered":"<p><strong>PRODUCTO QUE SE DESCATALOGAR\u00c1 CUANDO SE AGOTEN LAS EXISTENCIAS<\/strong> \u2013 Cargador inal\u00e1mbrico con cuerpo elaborado en tejido RPET y superficie de carga en bamb\u00fa. Compatible con dispositivos provistos de tecnolog\u00eda de carga inal\u00e1mbrica. Potencia de carga 10W. Cable de conexi\u00f3n tipo C incluido.<\/p>","protected":false},"featured_media":218408,"comment_status":"open","ping_status":"closed","template":"","meta":{"_acf_changed":false},"product_brand":[14012],"product_cat":[14006,13959],"product_tag":[],"class_list":{"0":"post-218407","1":"product","2":"type-product","3":"status-publish","4":"has-post-thumbnail","6":"product_brand-stamina","7":"product_cat-acc-merchandising","8":"product_cat-mr-tecnologia","9":"tm-no-options","11":"first","12":"instock","13":"taxable","14":"shipping-taxable","15":"product-type-variable"},"acf":[],"_links":{"self":[{"href":"https:\/\/grupotextil.es\/ca\/wp-json\/wp\/v2\/product\/218407","targetHints":{"allow":["GET"]}}],"collection":[{"href":"https:\/\/grupotextil.es\/ca\/wp-json\/wp\/v2\/product"}],"about":[{"href":"https:\/\/grupotextil.es\/ca\/wp-json\/wp\/v2\/types\/product"}],"replies":[{"embeddable":true,"href":"https:\/\/grupotextil.es\/ca\/wp-json\/wp\/v2\/comments?post=218407"}],"wp:featuredmedia":[{"embeddable":true,"href":"https:\/\/grupotextil.es\/ca\/wp-json\/wp\/v2\/media\/218408"}],"wp:attachment":[{"href":"https:\/\/grupotextil.es\/ca\/wp-json\/wp\/v2\/media?parent=218407"}],"wp:term":[{"taxonomy":"product_brand","embeddable":true,"href":"https:\/\/grupotextil.es\/ca\/wp-json\/wp\/v2\/product_brand?post=218407"},{"taxonomy":"product_cat","embeddable":true,"href":"https:\/\/grupotextil.es\/ca\/wp-json\/wp\/v2\/product_cat?post=218407"},{"taxonomy":"product_tag","embeddable":true,"href":"https:\/\/grupotextil.es\/ca\/wp-json\/wp\/v2\/product_tag?post=218407"}],"curies":[{"name":"wp","href":"https:\/\/api.w.org\/{rel}","templated":true}]}}

Cargador Inalámbrico de Bambú y RPET Stamina Sibon 2988

<p><strong>PRODUCTO QUE SE DESCATALOGARÁ CUANDO SE AGOTEN LAS EXISTENCIAS</strong> – Cargador inalámbrico con cuerpo elaborado en tejido RPET y superficie de carga en bambú. Compatible con dispositivos provistos de tecnología de carga inalámbrica. Potencia de carga 10W. Cable de conexión tipo C incluido.</p>
