{"id":219209,"date":"2026-03-04T04:14:17","date_gmt":"2026-03-04T03:14:17","guid":{"rendered":"https:\/\/grupotextil.es\/producto\/set-de-coctel-de-acero-inoxidable-stamina-larius-3993\/"},"modified":"2026-03-04T06:15:39","modified_gmt":"2026-03-04T05:15:39","slug":"set-de-coctel-de-acero-inoxidable-stamina-larius-3993","status":"publish","type":"product","link":"https:\/\/grupotextil.es\/ca\/product\/set-de-coctel-de-acero-inoxidable-stamina-larius-3993\/","title":{"rendered":"Set de C\u00f3ctel de Acero Inoxidable Stamina Larius 3993"},"content":{"rendered":"<p>Set de c\u00f3ctel en acero inoxidable 304. Incluye vaso medidor, coctelera de 580ml, colador y cuchara. Incluye una c\u00f3moda y elegante bolsa de transporte.<\/p>","protected":false},"excerpt":{"rendered":"<p>Set de c\u00f3ctel en acero inoxidable 304. Incluye vaso medidor, coctelera de 580ml, colador y cuchara. Incluye una c\u00f3moda y elegante bolsa de transporte.<\/p>","protected":false},"featured_media":219210,"comment_status":"open","ping_status":"closed","template":"","meta":{"_acf_changed":false},"product_brand":[14012],"product_cat":[14006,13971],"product_tag":[],"class_list":{"0":"post-219209","1":"product","2":"type-product","3":"status-publish","4":"has-post-thumbnail","6":"product_brand-stamina","7":"product_cat-acc-merchandising","8":"product_cat-mr-tazas","9":"tm-no-options","11":"first","12":"outofstock","13":"taxable","14":"shipping-taxable","15":"product-type-variable"},"acf":[],"_links":{"self":[{"href":"https:\/\/grupotextil.es\/ca\/wp-json\/wp\/v2\/product\/219209","targetHints":{"allow":["GET"]}}],"collection":[{"href":"https:\/\/grupotextil.es\/ca\/wp-json\/wp\/v2\/product"}],"about":[{"href":"https:\/\/grupotextil.es\/ca\/wp-json\/wp\/v2\/types\/product"}],"replies":[{"embeddable":true,"href":"https:\/\/grupotextil.es\/ca\/wp-json\/wp\/v2\/comments?post=219209"}],"wp:featuredmedia":[{"embeddable":true,"href":"https:\/\/grupotextil.es\/ca\/wp-json\/wp\/v2\/media\/219210"}],"wp:attachment":[{"href":"https:\/\/grupotextil.es\/ca\/wp-json\/wp\/v2\/media?parent=219209"}],"wp:term":[{"taxonomy":"product_brand","embeddable":true,"href":"https:\/\/grupotextil.es\/ca\/wp-json\/wp\/v2\/product_brand?post=219209"},{"taxonomy":"product_cat","embeddable":true,"href":"https:\/\/grupotextil.es\/ca\/wp-json\/wp\/v2\/product_cat?post=219209"},{"taxonomy":"product_tag","embeddable":true,"href":"https:\/\/grupotextil.es\/ca\/wp-json\/wp\/v2\/product_tag?post=219209"}],"curies":[{"name":"wp","href":"https:\/\/api.w.org\/{rel}","templated":true}]}}

Set de Cóctel de Acero Inoxidable Stamina Larius 3993

<p>Set de cóctel en acero inoxidable 304. Incluye vaso medidor, coctelera de 580ml, colador y cuchara. Incluye una cómoda y elegante bolsa de transporte.</p>
