{"id":219229,"date":"2026-03-04T04:14:40","date_gmt":"2026-03-04T03:14:40","guid":{"rendered":"https:\/\/grupotextil.es\/producto\/identificador-de-maleta-stamina-petra-8206\/"},"modified":"2026-03-04T06:15:39","modified_gmt":"2026-03-04T05:15:39","slug":"identificador-de-maleta-stamina-petra-8206","status":"publish","type":"product","link":"https:\/\/grupotextil.es\/ca\/product\/identificador-de-maleta-stamina-petra-8206\/","title":{"rendered":"Identificador de Maleta Stamina Petra 8206"},"content":{"rendered":"<p><strong>PRODUCTO QUE SE DESCATALOGAR\u00c1 CUANDO SE AGOTEN LAS EXISTENCIAS<\/strong> \u2013 Identificador de maleta de corcho con correo incorporada. Tarjeta identificadora incluida. Dale un toque m\u00e1s cool a tu maleta de viaje y encontrar\u00e1s tu maleta de manera m\u00e1s f\u00e1cil.<\/p>","protected":false},"excerpt":{"rendered":"<p><strong>PRODUCTO QUE SE DESCATALOGAR\u00c1 CUANDO SE AGOTEN LAS EXISTENCIAS<\/strong> \u2013 Identificador de maleta de corcho con correo incorporada. Tarjeta identificadora incluida. Dale un toque m\u00e1s cool a tu maleta de viaje y encontrar\u00e1s tu maleta de manera m\u00e1s f\u00e1cil.<\/p>","protected":false},"featured_media":219230,"comment_status":"open","ping_status":"closed","template":"","meta":{"_acf_changed":false},"product_brand":[14012],"product_cat":[13948],"product_tag":[],"class_list":{"0":"post-219229","1":"product","2":"type-product","3":"status-publish","4":"has-post-thumbnail","6":"product_brand-stamina","7":"product_cat-accesorios","8":"tm-no-options","10":"first","11":"instock","12":"taxable","13":"shipping-taxable","14":"product-type-variable"},"acf":[],"_links":{"self":[{"href":"https:\/\/grupotextil.es\/ca\/wp-json\/wp\/v2\/product\/219229","targetHints":{"allow":["GET"]}}],"collection":[{"href":"https:\/\/grupotextil.es\/ca\/wp-json\/wp\/v2\/product"}],"about":[{"href":"https:\/\/grupotextil.es\/ca\/wp-json\/wp\/v2\/types\/product"}],"replies":[{"embeddable":true,"href":"https:\/\/grupotextil.es\/ca\/wp-json\/wp\/v2\/comments?post=219229"}],"wp:featuredmedia":[{"embeddable":true,"href":"https:\/\/grupotextil.es\/ca\/wp-json\/wp\/v2\/media\/219230"}],"wp:attachment":[{"href":"https:\/\/grupotextil.es\/ca\/wp-json\/wp\/v2\/media?parent=219229"}],"wp:term":[{"taxonomy":"product_brand","embeddable":true,"href":"https:\/\/grupotextil.es\/ca\/wp-json\/wp\/v2\/product_brand?post=219229"},{"taxonomy":"product_cat","embeddable":true,"href":"https:\/\/grupotextil.es\/ca\/wp-json\/wp\/v2\/product_cat?post=219229"},{"taxonomy":"product_tag","embeddable":true,"href":"https:\/\/grupotextil.es\/ca\/wp-json\/wp\/v2\/product_tag?post=219229"}],"curies":[{"name":"wp","href":"https:\/\/api.w.org\/{rel}","templated":true}]}}

<p><strong>PRODUCTO QUE SE DESCATALOGARÁ CUANDO SE AGOTEN LAS EXISTENCIAS</strong> – Identificador de maleta de corcho con correo incorporada. Tarjeta identificadora incluida. Dale un toque más cool a tu maleta de viaje y encontrarás tu maleta de manera más fácil.</p>
