{"id":219331,"date":"2026-03-04T04:16:39","date_gmt":"2026-03-04T03:16:39","guid":{"rendered":"https:\/\/grupotextil.es\/producto\/vela-en-soporte-de-madera-con-disenos-navidenos-stamina-maka-1312\/"},"modified":"2026-03-04T06:15:40","modified_gmt":"2026-03-04T05:15:40","slug":"vela-en-soporte-de-madera-con-disenos-navidenos-stamina-maka-1312","status":"publish","type":"product","link":"https:\/\/grupotextil.es\/ca\/product\/vela-en-soporte-de-madera-con-disenos-navidenos-stamina-maka-1312\/","title":{"rendered":"Vela en Soporte de Madera con Dise\u00f1os Navide\u00f1os Stamina Maka 1312"},"content":{"rendered":"<p>Vela en soporte de madera con dise\u00f1os navide\u00f1os: estrella y \u00e1rbol.<\/p>","protected":false},"excerpt":{"rendered":"<p>Vela en soporte de madera con dise\u00f1os navide\u00f1os: estrella y \u00e1rbol.<\/p>","protected":false},"featured_media":219332,"comment_status":"open","ping_status":"closed","template":"","meta":{"_acf_changed":false},"product_brand":[14012],"product_cat":[13973],"product_tag":[],"class_list":{"0":"post-219331","1":"product","2":"type-product","3":"status-publish","4":"has-post-thumbnail","6":"product_brand-stamina","7":"product_cat-ropa","8":"tm-no-options","10":"first","11":"instock","12":"taxable","13":"shipping-taxable","14":"product-type-variable"},"acf":[],"_links":{"self":[{"href":"https:\/\/grupotextil.es\/ca\/wp-json\/wp\/v2\/product\/219331","targetHints":{"allow":["GET"]}}],"collection":[{"href":"https:\/\/grupotextil.es\/ca\/wp-json\/wp\/v2\/product"}],"about":[{"href":"https:\/\/grupotextil.es\/ca\/wp-json\/wp\/v2\/types\/product"}],"replies":[{"embeddable":true,"href":"https:\/\/grupotextil.es\/ca\/wp-json\/wp\/v2\/comments?post=219331"}],"wp:featuredmedia":[{"embeddable":true,"href":"https:\/\/grupotextil.es\/ca\/wp-json\/wp\/v2\/media\/219332"}],"wp:attachment":[{"href":"https:\/\/grupotextil.es\/ca\/wp-json\/wp\/v2\/media?parent=219331"}],"wp:term":[{"taxonomy":"product_brand","embeddable":true,"href":"https:\/\/grupotextil.es\/ca\/wp-json\/wp\/v2\/product_brand?post=219331"},{"taxonomy":"product_cat","embeddable":true,"href":"https:\/\/grupotextil.es\/ca\/wp-json\/wp\/v2\/product_cat?post=219331"},{"taxonomy":"product_tag","embeddable":true,"href":"https:\/\/grupotextil.es\/ca\/wp-json\/wp\/v2\/product_tag?post=219331"}],"curies":[{"name":"wp","href":"https:\/\/api.w.org\/{rel}","templated":true}]}}

Vela en Soporte de Madera con Diseños Navideños Stamina Maka 1312

<p>Vela en soporte de madera con diseños navideños: estrella y árbol.</p>
