{"id":220014,"date":"2026-03-04T04:30:13","date_gmt":"2026-03-04T03:30:13","guid":{"rendered":"https:\/\/grupotextil.es\/producto\/rinonera-stamina-vultur-7548\/"},"modified":"2026-03-04T06:15:46","modified_gmt":"2026-03-04T05:15:46","slug":"rinonera-stamina-vultur-7548","status":"publish","type":"product","link":"https:\/\/grupotextil.es\/ca\/product\/rinonera-stamina-vultur-7548\/","title":{"rendered":"Ri\u00f1onera Stamina Vultur 7548"},"content":{"rendered":"<p class=\"product-short-desc font-stamina poppins-sort-desc\" data-v-46846120=\"\">Ri\u00f1onera con un bolsillo frontal y otro trasero en la parte posterior para el almacenaje de peque\u00f1os objetos. Cremalleras y tiradores en color a juego con la ri\u00f1onera. Cinta y hebilla ajustadora en color negro.<\/p>","protected":false},"excerpt":{"rendered":"<p class=\"product-short-desc font-stamina poppins-sort-desc\" data-v-46846120=\"\">Ri\u00f1onera con un bolsillo frontal y otro trasero en la parte posterior para el almacenaje de peque\u00f1os objetos. Cremalleras y tiradores en color a juego con la ri\u00f1onera. Cinta y hebilla ajustadora en color negro.<\/p>","protected":false},"featured_media":220015,"comment_status":"open","ping_status":"closed","template":"","meta":{"_acf_changed":false},"product_brand":[14012],"product_cat":[13954],"product_tag":[],"class_list":{"0":"post-220014","1":"product","2":"type-product","3":"status-publish","4":"has-post-thumbnail","6":"product_brand-stamina","7":"product_cat-acc-bolsas-y-mochilas","8":"tm-no-options","10":"first","11":"instock","12":"taxable","13":"shipping-taxable","14":"product-type-variable"},"acf":[],"_links":{"self":[{"href":"https:\/\/grupotextil.es\/ca\/wp-json\/wp\/v2\/product\/220014","targetHints":{"allow":["GET"]}}],"collection":[{"href":"https:\/\/grupotextil.es\/ca\/wp-json\/wp\/v2\/product"}],"about":[{"href":"https:\/\/grupotextil.es\/ca\/wp-json\/wp\/v2\/types\/product"}],"replies":[{"embeddable":true,"href":"https:\/\/grupotextil.es\/ca\/wp-json\/wp\/v2\/comments?post=220014"}],"wp:featuredmedia":[{"embeddable":true,"href":"https:\/\/grupotextil.es\/ca\/wp-json\/wp\/v2\/media\/220015"}],"wp:attachment":[{"href":"https:\/\/grupotextil.es\/ca\/wp-json\/wp\/v2\/media?parent=220014"}],"wp:term":[{"taxonomy":"product_brand","embeddable":true,"href":"https:\/\/grupotextil.es\/ca\/wp-json\/wp\/v2\/product_brand?post=220014"},{"taxonomy":"product_cat","embeddable":true,"href":"https:\/\/grupotextil.es\/ca\/wp-json\/wp\/v2\/product_cat?post=220014"},{"taxonomy":"product_tag","embeddable":true,"href":"https:\/\/grupotextil.es\/ca\/wp-json\/wp\/v2\/product_tag?post=220014"}],"curies":[{"name":"wp","href":"https:\/\/api.w.org\/{rel}","templated":true}]}}

Riñonera Stamina Vultur 7548

<p class="product-short-desc font-stamina poppins-sort-desc" data-v-46846120="">Riñonera con un bolsillo frontal y otro trasero en la parte posterior para el almacenaje de pequeños objetos. Cremalleras y tiradores en color a juego con la riñonera. Cinta y hebilla ajustadora en color negro.</p>
