{"id":220310,"date":"2026-03-04T04:36:30","date_gmt":"2026-03-04T03:36:30","guid":{"rendered":"https:\/\/grupotextil.es\/producto\/vaso-plegable-anti-bacterias-stamina-gosto-4064\/"},"modified":"2026-03-04T06:15:48","modified_gmt":"2026-03-04T05:15:48","slug":"vaso-plegable-anti-bacterias-stamina-gosto-4064","status":"publish","type":"product","link":"https:\/\/grupotextil.es\/ca\/product\/vaso-plegable-anti-bacterias-stamina-gosto-4064\/","title":{"rendered":"Vaso Plegable Anti-Bacterias Stamina Gosto 4064"},"content":{"rendered":"<p>Vaso plegable anti-bacterias con tapa y mosquet\u00f3n plateado de transporte. 220 ml. de capacidad. Este magn\u00edfico vaso podr\u00e1s llevarlo a cualquier parte, sin ocupar espacio.<\/p>","protected":false},"excerpt":{"rendered":"<p>Vaso plegable anti-bacterias con tapa y mosquet\u00f3n plateado de transporte. 220 ml. de capacidad. Este magn\u00edfico vaso podr\u00e1s llevarlo a cualquier parte, sin ocupar espacio.<\/p>","protected":false},"featured_media":220311,"comment_status":"open","ping_status":"closed","template":"","meta":{"_acf_changed":false},"product_brand":[14012],"product_cat":[14006,13971],"product_tag":[],"class_list":{"0":"post-220310","1":"product","2":"type-product","3":"status-publish","4":"has-post-thumbnail","6":"product_brand-stamina","7":"product_cat-acc-merchandising","8":"product_cat-mr-tazas","9":"tm-no-options","11":"first","12":"instock","13":"taxable","14":"shipping-taxable","15":"product-type-variable"},"acf":[],"_links":{"self":[{"href":"https:\/\/grupotextil.es\/ca\/wp-json\/wp\/v2\/product\/220310","targetHints":{"allow":["GET"]}}],"collection":[{"href":"https:\/\/grupotextil.es\/ca\/wp-json\/wp\/v2\/product"}],"about":[{"href":"https:\/\/grupotextil.es\/ca\/wp-json\/wp\/v2\/types\/product"}],"replies":[{"embeddable":true,"href":"https:\/\/grupotextil.es\/ca\/wp-json\/wp\/v2\/comments?post=220310"}],"wp:featuredmedia":[{"embeddable":true,"href":"https:\/\/grupotextil.es\/ca\/wp-json\/wp\/v2\/media\/220311"}],"wp:attachment":[{"href":"https:\/\/grupotextil.es\/ca\/wp-json\/wp\/v2\/media?parent=220310"}],"wp:term":[{"taxonomy":"product_brand","embeddable":true,"href":"https:\/\/grupotextil.es\/ca\/wp-json\/wp\/v2\/product_brand?post=220310"},{"taxonomy":"product_cat","embeddable":true,"href":"https:\/\/grupotextil.es\/ca\/wp-json\/wp\/v2\/product_cat?post=220310"},{"taxonomy":"product_tag","embeddable":true,"href":"https:\/\/grupotextil.es\/ca\/wp-json\/wp\/v2\/product_tag?post=220310"}],"curies":[{"name":"wp","href":"https:\/\/api.w.org\/{rel}","templated":true}]}}

<p>Vaso plegable anti-bacterias con tapa y mosquetón plateado de transporte. 220 ml. de capacidad. Este magnífico vaso podrás llevarlo a cualquier parte, sin ocupar espacio.</p>
