{"id":221349,"date":"2026-03-04T04:55:54","date_gmt":"2026-03-04T03:55:54","guid":{"rendered":"https:\/\/grupotextil.es\/producto\/taza-de-ceramica-stamina-rosella-4013\/"},"modified":"2026-03-04T06:15:55","modified_gmt":"2026-03-04T05:15:55","slug":"taza-de-ceramica-stamina-rosella-4013","status":"publish","type":"product","link":"https:\/\/grupotextil.es\/ca\/product\/taza-de-ceramica-stamina-rosella-4013\/","title":{"rendered":"Taza de Cer\u00e1mica Stamina Rosella 4013"},"content":{"rendered":"<p class=\"product-short-desc font-stamina poppins-sort-desc\" data-v-dc34de50=\"\">Taza de cer\u00e1mica dise\u00f1ada en acabado mate y con base de corcho natural. Capacidad 420 ml. Presentaci\u00f3n en caja eco.<\/p>","protected":false},"excerpt":{"rendered":"<p class=\"product-short-desc font-stamina poppins-sort-desc\" data-v-dc34de50=\"\">Taza de cer\u00e1mica dise\u00f1ada en acabado mate y con base de corcho natural. Capacidad 420 ml. Presentaci\u00f3n en caja eco.<\/p>","protected":false},"featured_media":221350,"comment_status":"open","ping_status":"closed","template":"","meta":{"_acf_changed":false},"product_brand":[14012],"product_cat":[14006,13971],"product_tag":[],"class_list":{"0":"post-221349","1":"product","2":"type-product","3":"status-publish","4":"has-post-thumbnail","6":"product_brand-stamina","7":"product_cat-acc-merchandising","8":"product_cat-mr-tazas","9":"tm-no-options","11":"first","12":"instock","13":"taxable","14":"shipping-taxable","15":"product-type-variable"},"acf":[],"_links":{"self":[{"href":"https:\/\/grupotextil.es\/ca\/wp-json\/wp\/v2\/product\/221349","targetHints":{"allow":["GET"]}}],"collection":[{"href":"https:\/\/grupotextil.es\/ca\/wp-json\/wp\/v2\/product"}],"about":[{"href":"https:\/\/grupotextil.es\/ca\/wp-json\/wp\/v2\/types\/product"}],"replies":[{"embeddable":true,"href":"https:\/\/grupotextil.es\/ca\/wp-json\/wp\/v2\/comments?post=221349"}],"wp:featuredmedia":[{"embeddable":true,"href":"https:\/\/grupotextil.es\/ca\/wp-json\/wp\/v2\/media\/221350"}],"wp:attachment":[{"href":"https:\/\/grupotextil.es\/ca\/wp-json\/wp\/v2\/media?parent=221349"}],"wp:term":[{"taxonomy":"product_brand","embeddable":true,"href":"https:\/\/grupotextil.es\/ca\/wp-json\/wp\/v2\/product_brand?post=221349"},{"taxonomy":"product_cat","embeddable":true,"href":"https:\/\/grupotextil.es\/ca\/wp-json\/wp\/v2\/product_cat?post=221349"},{"taxonomy":"product_tag","embeddable":true,"href":"https:\/\/grupotextil.es\/ca\/wp-json\/wp\/v2\/product_tag?post=221349"}],"curies":[{"name":"wp","href":"https:\/\/api.w.org\/{rel}","templated":true}]}}

Taza de Cerámica Stamina Rosella 4013

<p class="product-short-desc font-stamina poppins-sort-desc" data-v-dc34de50="">Taza de cerámica diseñada en acabado mate y con base de corcho natural. Capacidad 420 ml. Presentación en caja eco.</p>
