{"id":221586,"date":"2026-03-04T05:01:22","date_gmt":"2026-03-04T04:01:22","guid":{"rendered":"https:\/\/grupotextil.es\/producto\/mochila-para-portatil-16%e2%80%b2-stamina-lora-7515\/"},"modified":"2026-03-04T06:15:57","modified_gmt":"2026-03-04T05:15:57","slug":"mochila-para-portatil-16%e2%80%b2-stamina-lora-7515","status":"publish","type":"product","link":"https:\/\/grupotextil.es\/ca\/product\/mochila-para-portatil-16%e2%80%b2-stamina-lora-7515\/","title":{"rendered":"Mochila para Port\u00e1til 16\u2032 Stamina Lora 7515"},"content":{"rendered":"<p>Portadocumentos acolchado para port\u00e1til elaborado en suave poli\u00e9ster 600D con bolsillo exterior. Cuenta con asas de transporte con color a juego y cinta bandolera ajustable con mosquet\u00f3n para hacerla m\u00e1s c\u00f3moda y confortable.<\/p>","protected":false},"excerpt":{"rendered":"<p>Portadocumentos acolchado para port\u00e1til elaborado en suave poli\u00e9ster 600D con bolsillo exterior. Cuenta con asas de transporte con color a juego y cinta bandolera ajustable con mosquet\u00f3n para hacerla m\u00e1s c\u00f3moda y confortable.<\/p>","protected":false},"featured_media":221587,"comment_status":"open","ping_status":"closed","template":"","meta":{"_acf_changed":false},"product_brand":[14012],"product_cat":[13948],"product_tag":[],"class_list":{"0":"post-221586","1":"product","2":"type-product","3":"status-publish","4":"has-post-thumbnail","6":"product_brand-stamina","7":"product_cat-accesorios","8":"tm-no-options","10":"first","11":"instock","12":"taxable","13":"shipping-taxable","14":"product-type-variable"},"acf":[],"_links":{"self":[{"href":"https:\/\/grupotextil.es\/ca\/wp-json\/wp\/v2\/product\/221586","targetHints":{"allow":["GET"]}}],"collection":[{"href":"https:\/\/grupotextil.es\/ca\/wp-json\/wp\/v2\/product"}],"about":[{"href":"https:\/\/grupotextil.es\/ca\/wp-json\/wp\/v2\/types\/product"}],"replies":[{"embeddable":true,"href":"https:\/\/grupotextil.es\/ca\/wp-json\/wp\/v2\/comments?post=221586"}],"wp:featuredmedia":[{"embeddable":true,"href":"https:\/\/grupotextil.es\/ca\/wp-json\/wp\/v2\/media\/221587"}],"wp:attachment":[{"href":"https:\/\/grupotextil.es\/ca\/wp-json\/wp\/v2\/media?parent=221586"}],"wp:term":[{"taxonomy":"product_brand","embeddable":true,"href":"https:\/\/grupotextil.es\/ca\/wp-json\/wp\/v2\/product_brand?post=221586"},{"taxonomy":"product_cat","embeddable":true,"href":"https:\/\/grupotextil.es\/ca\/wp-json\/wp\/v2\/product_cat?post=221586"},{"taxonomy":"product_tag","embeddable":true,"href":"https:\/\/grupotextil.es\/ca\/wp-json\/wp\/v2\/product_tag?post=221586"}],"curies":[{"name":"wp","href":"https:\/\/api.w.org\/{rel}","templated":true}]}}

Mochila para Portátil 16′ Stamina Lora 7515

<p>Portadocumentos acolchado para portátil elaborado en suave poliéster 600D con bolsillo exterior. Cuenta con asas de transporte con color a juego y cinta bandolera ajustable con mosquetón para hacerla más cómoda y confortable.</p>
