{"id":221615,"date":"2026-03-04T05:01:57","date_gmt":"2026-03-04T04:01:57","guid":{"rendered":"https:\/\/grupotextil.es\/producto\/delantal-para-colorear-con-ceras-de-colores-stamina-pachu-9131-nino\/"},"modified":"2026-03-04T06:15:57","modified_gmt":"2026-03-04T05:15:57","slug":"delantal-para-colorear-con-ceras-de-colores-stamina-pachu-9131-nino","status":"publish","type":"product","link":"https:\/\/grupotextil.es\/ca\/product\/delantal-para-colorear-con-ceras-de-colores-stamina-pachu-9131-nino\/","title":{"rendered":"Delantal para Colorear con Ceras de Colores Stamina Pachu 9131 Ni\u00f1o"},"content":{"rendered":"<p>Delantal infantil de non-woven con dise\u00f1o para colorear. Incluye 5 ceras en varios colores. Talla \u00fanica ajustable.<\/p>","protected":false},"excerpt":{"rendered":"<p>Delantal infantil de non-woven con dise\u00f1o para colorear. Incluye 5 ceras en varios colores. Talla \u00fanica ajustable.<\/p>","protected":false},"featured_media":221616,"comment_status":"open","ping_status":"closed","template":"","meta":{"_acf_changed":false},"product_brand":[14012],"product_cat":[14006,13971],"product_tag":[],"class_list":{"0":"post-221615","1":"product","2":"type-product","3":"status-publish","4":"has-post-thumbnail","6":"product_brand-stamina","7":"product_cat-acc-merchandising","8":"product_cat-mr-tazas","9":"tm-no-options","11":"first","12":"instock","13":"taxable","14":"shipping-taxable","15":"product-type-variable"},"acf":[],"_links":{"self":[{"href":"https:\/\/grupotextil.es\/ca\/wp-json\/wp\/v2\/product\/221615","targetHints":{"allow":["GET"]}}],"collection":[{"href":"https:\/\/grupotextil.es\/ca\/wp-json\/wp\/v2\/product"}],"about":[{"href":"https:\/\/grupotextil.es\/ca\/wp-json\/wp\/v2\/types\/product"}],"replies":[{"embeddable":true,"href":"https:\/\/grupotextil.es\/ca\/wp-json\/wp\/v2\/comments?post=221615"}],"wp:featuredmedia":[{"embeddable":true,"href":"https:\/\/grupotextil.es\/ca\/wp-json\/wp\/v2\/media\/221616"}],"wp:attachment":[{"href":"https:\/\/grupotextil.es\/ca\/wp-json\/wp\/v2\/media?parent=221615"}],"wp:term":[{"taxonomy":"product_brand","embeddable":true,"href":"https:\/\/grupotextil.es\/ca\/wp-json\/wp\/v2\/product_brand?post=221615"},{"taxonomy":"product_cat","embeddable":true,"href":"https:\/\/grupotextil.es\/ca\/wp-json\/wp\/v2\/product_cat?post=221615"},{"taxonomy":"product_tag","embeddable":true,"href":"https:\/\/grupotextil.es\/ca\/wp-json\/wp\/v2\/product_tag?post=221615"}],"curies":[{"name":"wp","href":"https:\/\/api.w.org\/{rel}","templated":true}]}}

Delantal para Colorear con Ceras de Colores Stamina Pachu 9131 Niño

<p>Delantal infantil de non-woven con diseño para colorear. Incluye 5 ceras en varios colores. Talla única ajustable.</p>
