{"id":221713,"date":"2026-03-04T05:04:10","date_gmt":"2026-03-04T04:04:10","guid":{"rendered":"https:\/\/grupotextil.es\/producto\/portadocumentos-de-viaje-stamina-garza-7518\/"},"modified":"2026-03-04T06:15:58","modified_gmt":"2026-03-04T05:15:58","slug":"portadocumentos-de-viaje-stamina-garza-7518","status":"publish","type":"product","link":"https:\/\/grupotextil.es\/ca\/product\/portadocumentos-de-viaje-stamina-garza-7518\/","title":{"rendered":"Portadocumentos de Viaje Stamina Garza 7518"},"content":{"rendered":"<p>Portadocumentos de viaje con cierre de velcro y pr\u00e1ctica trabilla para cintur\u00f3n. Realizado en poli\u00e9ster 600D es una opci\u00f3n perfecta para organizar y proteger los documentos.<\/p>","protected":false},"excerpt":{"rendered":"<p>Portadocumentos de viaje con cierre de velcro y pr\u00e1ctica trabilla para cintur\u00f3n. Realizado en poli\u00e9ster 600D es una opci\u00f3n perfecta para organizar y proteger los documentos.<\/p>","protected":false},"featured_media":221714,"comment_status":"open","ping_status":"closed","template":"","meta":{"_acf_changed":false},"product_brand":[14012],"product_cat":[13948],"product_tag":[],"class_list":{"0":"post-221713","1":"product","2":"type-product","3":"status-publish","4":"has-post-thumbnail","6":"product_brand-stamina","7":"product_cat-accesorios","8":"tm-no-options","10":"first","11":"instock","12":"taxable","13":"shipping-taxable","14":"product-type-variable"},"acf":[],"_links":{"self":[{"href":"https:\/\/grupotextil.es\/ca\/wp-json\/wp\/v2\/product\/221713","targetHints":{"allow":["GET"]}}],"collection":[{"href":"https:\/\/grupotextil.es\/ca\/wp-json\/wp\/v2\/product"}],"about":[{"href":"https:\/\/grupotextil.es\/ca\/wp-json\/wp\/v2\/types\/product"}],"replies":[{"embeddable":true,"href":"https:\/\/grupotextil.es\/ca\/wp-json\/wp\/v2\/comments?post=221713"}],"wp:featuredmedia":[{"embeddable":true,"href":"https:\/\/grupotextil.es\/ca\/wp-json\/wp\/v2\/media\/221714"}],"wp:attachment":[{"href":"https:\/\/grupotextil.es\/ca\/wp-json\/wp\/v2\/media?parent=221713"}],"wp:term":[{"taxonomy":"product_brand","embeddable":true,"href":"https:\/\/grupotextil.es\/ca\/wp-json\/wp\/v2\/product_brand?post=221713"},{"taxonomy":"product_cat","embeddable":true,"href":"https:\/\/grupotextil.es\/ca\/wp-json\/wp\/v2\/product_cat?post=221713"},{"taxonomy":"product_tag","embeddable":true,"href":"https:\/\/grupotextil.es\/ca\/wp-json\/wp\/v2\/product_tag?post=221713"}],"curies":[{"name":"wp","href":"https:\/\/api.w.org\/{rel}","templated":true}]}}

<p>Portadocumentos de viaje con cierre de velcro y práctica trabilla para cinturón. Realizado en poliéster 600D es una opción perfecta para organizar y proteger los documentos.</p>
