{"id":223653,"date":"2026-03-04T06:00:54","date_gmt":"2026-03-04T05:00:54","guid":{"rendered":"https:\/\/grupotextil.es\/producto\/outlet-polo-roly-mujer-kourni-0353\/"},"modified":"2026-03-04T06:16:05","modified_gmt":"2026-03-04T05:16:05","slug":"outlet-polo-roly-mujer-kourni-0353","status":"publish","type":"product","link":"https:\/\/grupotextil.es\/ca\/product\/outlet-polo-roly-mujer-kourni-0353\/","title":{"rendered":"*OUTLET* Polo Roly Mujer Kourni 0353"},"content":{"rendered":"<p>Polo t\u00e9cnico combinado manga corta. Mangas y cuello acanalado. Dise\u00f1o anat\u00f3mico. Tejido de tacto suave, ligero y agradable.<br \/>\n100% poliester. 120 g\/m2.<br \/>\n*Especial sublimaci\u00f3n. *Tratamiento Roly.<\/p>","protected":false},"excerpt":{"rendered":"<p>Polo t\u00e9cnico combinado manga corta. Mangas y cuello acanalado. Dise\u00f1o anat\u00f3mico. Tejido de tacto suave, ligero y agradable.<br \/>\n100% poliester. 120 g\/m2.<br \/>\n*Especial sublimaci\u00f3n. *Tratamiento Roly.<\/p>","protected":false},"featured_media":223655,"comment_status":"open","ping_status":"closed","template":"","meta":{"_acf_changed":false},"product_brand":[14011],"product_cat":[13974,13975,13973],"product_tag":[],"class_list":{"0":"post-223653","1":"product","2":"type-product","3":"status-publish","4":"has-post-thumbnail","6":"product_brand-roly","7":"product_cat-ropa-hombre","8":"product_cat-ropa-mujer","9":"product_cat-ropa","10":"tm-no-options","12":"first","13":"instock","14":"taxable","15":"shipping-taxable","16":"product-type-variable"},"acf":[],"_links":{"self":[{"href":"https:\/\/grupotextil.es\/ca\/wp-json\/wp\/v2\/product\/223653","targetHints":{"allow":["GET"]}}],"collection":[{"href":"https:\/\/grupotextil.es\/ca\/wp-json\/wp\/v2\/product"}],"about":[{"href":"https:\/\/grupotextil.es\/ca\/wp-json\/wp\/v2\/types\/product"}],"replies":[{"embeddable":true,"href":"https:\/\/grupotextil.es\/ca\/wp-json\/wp\/v2\/comments?post=223653"}],"wp:featuredmedia":[{"embeddable":true,"href":"https:\/\/grupotextil.es\/ca\/wp-json\/wp\/v2\/media\/223655"}],"wp:attachment":[{"href":"https:\/\/grupotextil.es\/ca\/wp-json\/wp\/v2\/media?parent=223653"}],"wp:term":[{"taxonomy":"product_brand","embeddable":true,"href":"https:\/\/grupotextil.es\/ca\/wp-json\/wp\/v2\/product_brand?post=223653"},{"taxonomy":"product_cat","embeddable":true,"href":"https:\/\/grupotextil.es\/ca\/wp-json\/wp\/v2\/product_cat?post=223653"},{"taxonomy":"product_tag","embeddable":true,"href":"https:\/\/grupotextil.es\/ca\/wp-json\/wp\/v2\/product_tag?post=223653"}],"curies":[{"name":"wp","href":"https:\/\/api.w.org\/{rel}","templated":true}]}}

<p>Polo técnico combinado manga corta. Mangas y cuello acanalado. Diseño anatómico. Tejido de tacto suave, ligero y agradable.<br />
100% poliester. 120 g/m2.<br />
*Especial sublimación. *Tratamiento Roly.</p>
