{"id":224138,"date":"2026-03-04T06:06:22","date_gmt":"2026-03-04T05:06:22","guid":{"rendered":"https:\/\/grupotextil.es\/producto\/pantalon-deportivo-roly-nelly-0322-mujer\/"},"modified":"2026-03-10T01:58:53","modified_gmt":"2026-03-10T00:58:53","slug":"pantalon-deportivo-roly-nelly-0322-mujer","status":"publish","type":"product","link":"https:\/\/grupotextil.es\/ca\/product\/pantalon-deportivo-roly-nelly-0322-mujer\/","title":{"rendered":"Pantal\u00f3n Deportivo Roly Nelly 0322 Mujer"},"content":{"rendered":"<p>Pantal\u00f3n corto con cinturilla el\u00e1stica.<\/p>","protected":false},"excerpt":{"rendered":"<p>Pantal\u00f3n corto con cinturilla el\u00e1stica.<\/p>","protected":false},"featured_media":224140,"comment_status":"open","ping_status":"closed","template":"","meta":{"_acf_changed":false},"product_brand":[14011],"product_cat":[13939,13975,13992,13973],"product_tag":[],"class_list":{"0":"post-224138","1":"product","2":"type-product","3":"status-publish","4":"has-post-thumbnail","6":"product_brand-roly","7":"product_cat-deportivo","8":"product_cat-ropa-mujer","9":"product_cat-m-pantalones","10":"product_cat-ropa","11":"tm-no-options","13":"first","14":"instock","15":"taxable","16":"shipping-taxable","17":"product-type-variable"},"acf":[],"_links":{"self":[{"href":"https:\/\/grupotextil.es\/ca\/wp-json\/wp\/v2\/product\/224138","targetHints":{"allow":["GET"]}}],"collection":[{"href":"https:\/\/grupotextil.es\/ca\/wp-json\/wp\/v2\/product"}],"about":[{"href":"https:\/\/grupotextil.es\/ca\/wp-json\/wp\/v2\/types\/product"}],"replies":[{"embeddable":true,"href":"https:\/\/grupotextil.es\/ca\/wp-json\/wp\/v2\/comments?post=224138"}],"wp:featuredmedia":[{"embeddable":true,"href":"https:\/\/grupotextil.es\/ca\/wp-json\/wp\/v2\/media\/224140"}],"wp:attachment":[{"href":"https:\/\/grupotextil.es\/ca\/wp-json\/wp\/v2\/media?parent=224138"}],"wp:term":[{"taxonomy":"product_brand","embeddable":true,"href":"https:\/\/grupotextil.es\/ca\/wp-json\/wp\/v2\/product_brand?post=224138"},{"taxonomy":"product_cat","embeddable":true,"href":"https:\/\/grupotextil.es\/ca\/wp-json\/wp\/v2\/product_cat?post=224138"},{"taxonomy":"product_tag","embeddable":true,"href":"https:\/\/grupotextil.es\/ca\/wp-json\/wp\/v2\/product_tag?post=224138"}],"curies":[{"name":"wp","href":"https:\/\/api.w.org\/{rel}","templated":true}]}}

Pantalón Deportivo Roly Nelly 0322 Mujer

<p>Pantalón corto con cinturilla elástica.</p>
