{"id":225279,"date":"2026-03-04T06:13:12","date_gmt":"2026-03-04T05:13:12","guid":{"rendered":"https:\/\/grupotextil.es\/producto\/2-in-1-bag-75l\/"},"modified":"2026-04-26T04:05:26","modified_gmt":"2026-04-26T02:05:26","slug":"2-in-1-bag-75l","status":"publish","type":"product","link":"https:\/\/grupotextil.es\/ca\/product\/2-in-1-bag-75l\/","title":{"rendered":"2-in-1 bag 75L"},"content":{"rendered":"<p>Bolsa en dise\u00f1o innovador. Mochila y bolsa combinado en uno. Repelente al agua, correas extra\u00edbles y ajustables. Compartimento interior espacioso. Fondo y parte central en poli\u00e9ster perfecto para imprimir tu logo. Bolsa en el interior para zapatos. Dimensiones y volumen: 66cm, \u00f8 38cm \u2248 75 l<\/p>\n<p><strong>Composici\u00f3n:<\/strong> Exterior en PVC tarpaulin, fondo y laterales en poli\u00e9ster. | <strong>Tallas:<\/strong> UD<\/p>","protected":false},"excerpt":{"rendered":"<p>Bolsa en dise\u00f1o innovador. Mochila y bolsa combinado en uno. Repelente al agua, correas extra\u00edbles y ajustables. Compartimento interior espacioso. Fondo y parte central en poli\u00e9ster perfecto para imprimir tu logo. Bolsa en el interior para zapatos. D<\/p>","protected":false},"featured_media":234117,"comment_status":"open","ping_status":"closed","template":"","meta":{"_acf_changed":false},"product_brand":[10446],"product_cat":[15146,15149],"product_tag":[],"class_list":{"0":"post-225279","1":"product","2":"type-product","3":"status-publish","4":"has-post-thumbnail","6":"product_brand-clique","7":"product_cat-bolsas","8":"product_cat-unisex-junior-mujer","9":"tm-no-options","11":"first","12":"instock","13":"taxable","14":"shipping-taxable","15":"product-type-variable"},"acf":[],"_links":{"self":[{"href":"https:\/\/grupotextil.es\/ca\/wp-json\/wp\/v2\/product\/225279","targetHints":{"allow":["GET"]}}],"collection":[{"href":"https:\/\/grupotextil.es\/ca\/wp-json\/wp\/v2\/product"}],"about":[{"href":"https:\/\/grupotextil.es\/ca\/wp-json\/wp\/v2\/types\/product"}],"replies":[{"embeddable":true,"href":"https:\/\/grupotextil.es\/ca\/wp-json\/wp\/v2\/comments?post=225279"}],"wp:featuredmedia":[{"embeddable":true,"href":"https:\/\/grupotextil.es\/ca\/wp-json\/wp\/v2\/media\/234117"}],"wp:attachment":[{"href":"https:\/\/grupotextil.es\/ca\/wp-json\/wp\/v2\/media?parent=225279"}],"wp:term":[{"taxonomy":"product_brand","embeddable":true,"href":"https:\/\/grupotextil.es\/ca\/wp-json\/wp\/v2\/product_brand?post=225279"},{"taxonomy":"product_cat","embeddable":true,"href":"https:\/\/grupotextil.es\/ca\/wp-json\/wp\/v2\/product_cat?post=225279"},{"taxonomy":"product_tag","embeddable":true,"href":"https:\/\/grupotextil.es\/ca\/wp-json\/wp\/v2\/product_tag?post=225279"}],"curies":[{"name":"wp","href":"https:\/\/api.w.org\/{rel}","templated":true}]}}

<p>Bolsa en diseño innovador. Mochila y bolsa combinado en uno. Repelente al agua, correas extraíbles y ajustables. Compartimento interior espacioso. Fondo y parte central en poliéster perfecto para imprimir tu logo. Bolsa en el interior para zapatos. Dimensiones y volumen: 66cm, ø 38cm ≈ 75 l</p>
<p><strong>Composición:</strong> Exterior en PVC tarpaulin, fondo y laterales en poliéster. | <strong>Tallas:</strong> UD</p>

<p>Bolsa en diseño innovador. Mochila y bolsa combinado en uno. Repelente al agua, correas extraíbles y ajustables. Compartimento interior espacioso. Fondo y parte central en poliéster perfecto para imprimir tu logo. Bolsa en el interior para zapatos. D</p>
