{"id":225286,"date":"2026-03-04T06:13:16","date_gmt":"2026-03-04T05:13:16","guid":{"rendered":"https:\/\/grupotextil.es\/producto\/outlet-chaqueta-roly-pelvoux-1197-mujer\/"},"modified":"2026-03-04T06:16:07","modified_gmt":"2026-03-04T05:16:07","slug":"outlet-chaqueta-roly-pelvoux-1197-mujer","status":"publish","type":"product","link":"https:\/\/grupotextil.es\/ca\/product\/outlet-chaqueta-roly-pelvoux-1197-mujer\/","title":{"rendered":"*OUTLET* Chaqueta Roly Pelvoux 1197 Mujer"},"content":{"rendered":"<p>Chaqueta casual de cuello alto con cremallera central al tono del tejido. Cuello, pu\u00f1os y cintura ancha de punto canal\u00e9. Bolsillo en la parte superior de la manga con cremallera y salida de dispositivo m\u00f3vil. Cubrecosturas de refuerzo en el interior.<\/p>","protected":false},"excerpt":{"rendered":"<p>Chaqueta casual de cuello alto con cremallera central al tono del tejido. Cuello, pu\u00f1os y cintura ancha de punto canal\u00e9. Bolsillo en la parte superior de la manga con cremallera y salida de dispositivo m\u00f3vil. Cubrecosturas de refuerzo en el interior.<\/p>","protected":false},"featured_media":225287,"comment_status":"open","ping_status":"closed","template":"","meta":{"_acf_changed":false},"product_brand":[14011],"product_cat":[13974,13975,13973],"product_tag":[],"class_list":{"0":"post-225286","1":"product","2":"type-product","3":"status-publish","4":"has-post-thumbnail","6":"product_brand-roly","7":"product_cat-ropa-hombre","8":"product_cat-ropa-mujer","9":"product_cat-ropa","10":"tm-no-options","12":"first","13":"instock","14":"taxable","15":"shipping-taxable","16":"product-type-variable"},"acf":[],"_links":{"self":[{"href":"https:\/\/grupotextil.es\/ca\/wp-json\/wp\/v2\/product\/225286","targetHints":{"allow":["GET"]}}],"collection":[{"href":"https:\/\/grupotextil.es\/ca\/wp-json\/wp\/v2\/product"}],"about":[{"href":"https:\/\/grupotextil.es\/ca\/wp-json\/wp\/v2\/types\/product"}],"replies":[{"embeddable":true,"href":"https:\/\/grupotextil.es\/ca\/wp-json\/wp\/v2\/comments?post=225286"}],"wp:featuredmedia":[{"embeddable":true,"href":"https:\/\/grupotextil.es\/ca\/wp-json\/wp\/v2\/media\/225287"}],"wp:attachment":[{"href":"https:\/\/grupotextil.es\/ca\/wp-json\/wp\/v2\/media?parent=225286"}],"wp:term":[{"taxonomy":"product_brand","embeddable":true,"href":"https:\/\/grupotextil.es\/ca\/wp-json\/wp\/v2\/product_brand?post=225286"},{"taxonomy":"product_cat","embeddable":true,"href":"https:\/\/grupotextil.es\/ca\/wp-json\/wp\/v2\/product_cat?post=225286"},{"taxonomy":"product_tag","embeddable":true,"href":"https:\/\/grupotextil.es\/ca\/wp-json\/wp\/v2\/product_tag?post=225286"}],"curies":[{"name":"wp","href":"https:\/\/api.w.org\/{rel}","templated":true}]}}

<p>Chaqueta casual de cuello alto con cremallera central al tono del tejido. Cuello, puños y cintura ancha de punto canalé. Bolsillo en la parte superior de la manga con cremallera y salida de dispositivo móvil. Cubrecosturas de refuerzo en el interior.</p>
