{"id":226107,"date":"2026-03-04T06:21:37","date_gmt":"2026-03-04T05:21:37","guid":{"rendered":"https:\/\/grupotextil.es\/producto\/manhattan\/"},"modified":"2026-04-26T04:05:30","modified_gmt":"2026-04-26T02:05:30","slug":"manhattan","status":"publish","type":"product","link":"https:\/\/grupotextil.es\/ca\/product\/manhattan\/","title":{"rendered":"Manhattan"},"content":{"rendered":"<p>Polo manga corta con canal\u00e9 en mangas y dos rayas jacquard en cuello. 3 botones a tono en tapeta.<\/p>\n<p><strong>Composici\u00f3n:<\/strong> 65% Poli\u00e9ster, 35% Algod\u00f3n (Amarillo y naranja visibilidad [11\/170]: 80% poli\u00e9ster, 20% algod\u00f3n, Gris marengo [95]: 85% algod\u00f3n, 15% viscosa, [955]: 60% algod\u00f3n, 40% poli\u00e9ster). | <strong>Peso:<\/strong> 200 g\/m2 | <strong>Tallas:<\/strong> XS-3XL (00, 35, 55, 580, 95, 99: XS-5XL)<\/p>","protected":false},"excerpt":{"rendered":"<p>Polo manga corta con canal\u00e9 en mangas y dos rayas jacquard en cuello. 3 botones a tono en tapeta.<\/p>","protected":false},"featured_media":234485,"comment_status":"open","ping_status":"closed","template":"","meta":{"_acf_changed":false},"product_brand":[10446],"product_cat":[13979],"product_tag":[],"class_list":{"0":"post-226107","1":"product","2":"type-product","3":"status-publish","4":"has-post-thumbnail","6":"product_brand-clique","7":"product_cat-h-polos","8":"tm-no-options","10":"first","11":"instock","12":"taxable","13":"shipping-taxable","14":"product-type-variable"},"acf":[],"_links":{"self":[{"href":"https:\/\/grupotextil.es\/ca\/wp-json\/wp\/v2\/product\/226107","targetHints":{"allow":["GET"]}}],"collection":[{"href":"https:\/\/grupotextil.es\/ca\/wp-json\/wp\/v2\/product"}],"about":[{"href":"https:\/\/grupotextil.es\/ca\/wp-json\/wp\/v2\/types\/product"}],"replies":[{"embeddable":true,"href":"https:\/\/grupotextil.es\/ca\/wp-json\/wp\/v2\/comments?post=226107"}],"wp:featuredmedia":[{"embeddable":true,"href":"https:\/\/grupotextil.es\/ca\/wp-json\/wp\/v2\/media\/234485"}],"wp:attachment":[{"href":"https:\/\/grupotextil.es\/ca\/wp-json\/wp\/v2\/media?parent=226107"}],"wp:term":[{"taxonomy":"product_brand","embeddable":true,"href":"https:\/\/grupotextil.es\/ca\/wp-json\/wp\/v2\/product_brand?post=226107"},{"taxonomy":"product_cat","embeddable":true,"href":"https:\/\/grupotextil.es\/ca\/wp-json\/wp\/v2\/product_cat?post=226107"},{"taxonomy":"product_tag","embeddable":true,"href":"https:\/\/grupotextil.es\/ca\/wp-json\/wp\/v2\/product_tag?post=226107"}],"curies":[{"name":"wp","href":"https:\/\/api.w.org\/{rel}","templated":true}]}}

<p>Polo manga corta con canalé en mangas y dos rayas jacquard en cuello. 3 botones a tono en tapeta.</p>
<p><strong>Composición:</strong> 65% Poliéster, 35% Algodón (Amarillo y naranja visibilidad [11/170]: 80% poliéster, 20% algodón, Gris marengo [95]: 85% algodón, 15% viscosa, [955]: 60% algodón, 40% poliéster). | <strong>Peso:</strong> 200 g/m2 | <strong>Tallas:</strong> XS-3XL (00, 35, 55, 580, 95, 99: XS-5XL)</p>

<p>Polo manga corta con canalé en mangas y dos rayas jacquard en cuello. 3 botones a tono en tapeta.</p>
