{"id":226127,"date":"2026-03-04T06:21:48","date_gmt":"2026-03-04T05:21:48","guid":{"rendered":"https:\/\/grupotextil.es\/producto\/basic-active-t-women\/"},"modified":"2026-04-26T04:05:30","modified_gmt":"2026-04-26T02:05:30","slug":"basic-active-t-women","status":"publish","type":"product","link":"https:\/\/grupotextil.es\/ca\/product\/basic-active-t-women\/","title":{"rendered":"Basic Active-T Women"},"content":{"rendered":"<p>Camiseta t\u00e9cnica en tejido interlock, costuras laterales y tapeta reforzada. De f\u00e1cil re etiquetado. Protecci\u00f3n rayos ultravioleta UV\/50<\/p>\n<p><strong>Composici\u00f3n:<\/strong> 100% poli\u00e9ster | <strong>Peso:<\/strong> 135 g\/m2 | <strong>Tallas:<\/strong> XS-XXL<\/p>","protected":false},"excerpt":{"rendered":"<p>Camiseta t\u00e9cnica en tejido interlock, costuras laterales y tapeta reforzada. De f\u00e1cil re etiquetado. Protecci\u00f3n rayos ultravioleta UV\/50<\/p>","protected":false},"featured_media":234493,"comment_status":"open","ping_status":"closed","template":"","meta":{"_acf_changed":false},"product_brand":[10446],"product_cat":[13995],"product_tag":[],"class_list":{"0":"post-226127","1":"product","2":"type-product","3":"status-publish","4":"has-post-thumbnail","6":"product_brand-clique","7":"product_cat-n-camisetas","8":"tm-no-options","10":"first","11":"instock","12":"taxable","13":"shipping-taxable","14":"product-type-variable"},"acf":[],"_links":{"self":[{"href":"https:\/\/grupotextil.es\/ca\/wp-json\/wp\/v2\/product\/226127","targetHints":{"allow":["GET"]}}],"collection":[{"href":"https:\/\/grupotextil.es\/ca\/wp-json\/wp\/v2\/product"}],"about":[{"href":"https:\/\/grupotextil.es\/ca\/wp-json\/wp\/v2\/types\/product"}],"replies":[{"embeddable":true,"href":"https:\/\/grupotextil.es\/ca\/wp-json\/wp\/v2\/comments?post=226127"}],"wp:featuredmedia":[{"embeddable":true,"href":"https:\/\/grupotextil.es\/ca\/wp-json\/wp\/v2\/media\/234493"}],"wp:attachment":[{"href":"https:\/\/grupotextil.es\/ca\/wp-json\/wp\/v2\/media?parent=226127"}],"wp:term":[{"taxonomy":"product_brand","embeddable":true,"href":"https:\/\/grupotextil.es\/ca\/wp-json\/wp\/v2\/product_brand?post=226127"},{"taxonomy":"product_cat","embeddable":true,"href":"https:\/\/grupotextil.es\/ca\/wp-json\/wp\/v2\/product_cat?post=226127"},{"taxonomy":"product_tag","embeddable":true,"href":"https:\/\/grupotextil.es\/ca\/wp-json\/wp\/v2\/product_tag?post=226127"}],"curies":[{"name":"wp","href":"https:\/\/api.w.org\/{rel}","templated":true}]}}

<p>Camiseta técnica en tejido interlock, costuras laterales y tapeta reforzada. De fácil re etiquetado. Protección rayos ultravioleta UV/50</p>
<p><strong>Composición:</strong> 100% poliéster | <strong>Peso:</strong> 135 g/m2 | <strong>Tallas:</strong> XS-XXL</p>

<p>Camiseta técnica en tejido interlock, costuras laterales y tapeta reforzada. De fácil re etiquetado. Protección rayos ultravioleta UV/50</p>
