{"id":226491,"date":"2026-03-04T06:25:24","date_gmt":"2026-03-04T05:25:24","guid":{"rendered":"https:\/\/grupotextil.es\/producto\/reflective-cap\/"},"modified":"2026-04-26T04:05:31","modified_gmt":"2026-04-26T02:05:31","slug":"reflective-cap","status":"publish","type":"product","link":"https:\/\/grupotextil.es\/ca\/product\/reflective-cap\/","title":{"rendered":"Reflective Cap"},"content":{"rendered":"<p>Gorra reflectante 6 paneles en malla color negro. Con solapa de velcro para un mayor ajuste.<\/p>\n<p><strong>Composici\u00f3n:<\/strong> 50% Algod\u00f3n, 50% Poli\u00e9ster, malla 100% poli\u00e9ster | <strong>Peso:<\/strong> 320 g\/m2 | <strong>Tallas:<\/strong> UD<\/p>","protected":false},"excerpt":{"rendered":"<p>Gorra reflectante 6 paneles en malla color negro. Con solapa de velcro para un mayor ajuste.<\/p>","protected":false},"featured_media":234679,"comment_status":"open","ping_status":"closed","template":"","meta":{"_acf_changed":false},"product_brand":[10446],"product_cat":[15139,15137],"product_tag":[],"class_list":{"0":"post-226491","1":"product","2":"type-product","3":"status-publish","4":"has-post-thumbnail","6":"product_brand-clique","7":"product_cat-gorros","8":"product_cat-hombre-unisex-mujer","9":"tm-no-options","11":"first","12":"instock","13":"taxable","14":"shipping-taxable","15":"product-type-variable"},"acf":[],"_links":{"self":[{"href":"https:\/\/grupotextil.es\/ca\/wp-json\/wp\/v2\/product\/226491","targetHints":{"allow":["GET"]}}],"collection":[{"href":"https:\/\/grupotextil.es\/ca\/wp-json\/wp\/v2\/product"}],"about":[{"href":"https:\/\/grupotextil.es\/ca\/wp-json\/wp\/v2\/types\/product"}],"replies":[{"embeddable":true,"href":"https:\/\/grupotextil.es\/ca\/wp-json\/wp\/v2\/comments?post=226491"}],"wp:featuredmedia":[{"embeddable":true,"href":"https:\/\/grupotextil.es\/ca\/wp-json\/wp\/v2\/media\/234679"}],"wp:attachment":[{"href":"https:\/\/grupotextil.es\/ca\/wp-json\/wp\/v2\/media?parent=226491"}],"wp:term":[{"taxonomy":"product_brand","embeddable":true,"href":"https:\/\/grupotextil.es\/ca\/wp-json\/wp\/v2\/product_brand?post=226491"},{"taxonomy":"product_cat","embeddable":true,"href":"https:\/\/grupotextil.es\/ca\/wp-json\/wp\/v2\/product_cat?post=226491"},{"taxonomy":"product_tag","embeddable":true,"href":"https:\/\/grupotextil.es\/ca\/wp-json\/wp\/v2\/product_tag?post=226491"}],"curies":[{"name":"wp","href":"https:\/\/api.w.org\/{rel}","templated":true}]}}

<p>Gorra reflectante 6 paneles en malla color negro. Con solapa de velcro para un mayor ajuste.</p>
<p><strong>Composición:</strong> 50% Algodón, 50% Poliéster, malla 100% poliéster | <strong>Peso:</strong> 320 g/m2 | <strong>Tallas:</strong> UD</p>
