{"id":226600,"date":"2026-03-04T06:26:26","date_gmt":"2026-03-04T05:26:26","guid":{"rendered":"https:\/\/grupotextil.es\/producto\/arock\/"},"modified":"2026-04-26T04:05:32","modified_gmt":"2026-04-26T02:05:32","slug":"arock","status":"publish","type":"product","link":"https:\/\/grupotextil.es\/ca\/product\/arock\/","title":{"rendered":"Arock"},"content":{"rendered":"<p>Chaqueta fina de entretiempo. Cremalleras met\u00e1licas y botones a presi\u00f3n con look contempor\u00e1neo. Capucha enrollada, 2 bolsillos frontales con solapa y 2 bolsillos en pecho con cremallera. Bolsillo en manga. Bolsillo interior con Velcro. Cord\u00f3n en dobladillo. Pu\u00f1os ajustables y adaptado para auricular. Con cremallera para bordado.<\/p>\n<p><strong>Composici\u00f3n:<\/strong> 65% Poli\u00e9ster, 35% Algod\u00f3n T\/C sarga. | <strong>Peso:<\/strong> 245 g\/m2 | <strong>Tallas:<\/strong> XS-3XL<\/p>","protected":false},"excerpt":{"rendered":"<p>Chaqueta fina de entretiempo. Cremalleras met\u00e1licas y botones a presi\u00f3n con look contempor\u00e1neo. Capucha enrollada, 2 bolsillos frontales con solapa y 2 bolsillos en pecho con cremallera. Bolsillo en manga. Bolsillo interior con Velcro. Cord\u00f3n en dobl<\/p>","protected":false},"featured_media":234729,"comment_status":"open","ping_status":"closed","template":"","meta":{"_acf_changed":false},"product_brand":[10446],"product_cat":[13998,15137],"product_tag":[],"class_list":{"0":"post-226600","1":"product","2":"type-product","3":"status-publish","4":"has-post-thumbnail","6":"product_brand-clique","7":"product_cat-n-chaquetas","8":"product_cat-hombre-unisex-mujer","9":"tm-no-options","11":"first","12":"instock","13":"taxable","14":"shipping-taxable","15":"product-type-variable"},"acf":[],"_links":{"self":[{"href":"https:\/\/grupotextil.es\/ca\/wp-json\/wp\/v2\/product\/226600","targetHints":{"allow":["GET"]}}],"collection":[{"href":"https:\/\/grupotextil.es\/ca\/wp-json\/wp\/v2\/product"}],"about":[{"href":"https:\/\/grupotextil.es\/ca\/wp-json\/wp\/v2\/types\/product"}],"replies":[{"embeddable":true,"href":"https:\/\/grupotextil.es\/ca\/wp-json\/wp\/v2\/comments?post=226600"}],"wp:featuredmedia":[{"embeddable":true,"href":"https:\/\/grupotextil.es\/ca\/wp-json\/wp\/v2\/media\/234729"}],"wp:attachment":[{"href":"https:\/\/grupotextil.es\/ca\/wp-json\/wp\/v2\/media?parent=226600"}],"wp:term":[{"taxonomy":"product_brand","embeddable":true,"href":"https:\/\/grupotextil.es\/ca\/wp-json\/wp\/v2\/product_brand?post=226600"},{"taxonomy":"product_cat","embeddable":true,"href":"https:\/\/grupotextil.es\/ca\/wp-json\/wp\/v2\/product_cat?post=226600"},{"taxonomy":"product_tag","embeddable":true,"href":"https:\/\/grupotextil.es\/ca\/wp-json\/wp\/v2\/product_tag?post=226600"}],"curies":[{"name":"wp","href":"https:\/\/api.w.org\/{rel}","templated":true}]}}

<p>Chaqueta fina de entretiempo. Cremalleras metálicas y botones a presión con look contemporáneo. Capucha enrollada, 2 bolsillos frontales con solapa y 2 bolsillos en pecho con cremallera. Bolsillo en manga. Bolsillo interior con Velcro. Cordón en dobladillo. Puños ajustables y adaptado para auricular. Con cremallera para bordado.</p>
<p><strong>Composición:</strong> 65% Poliéster, 35% Algodón T/C sarga. | <strong>Peso:</strong> 245 g/m2 | <strong>Tallas:</strong> XS-3XL</p>

<p>Chaqueta fina de entretiempo. Cremalleras metálicas y botones a presión con look contemporáneo. Capucha enrollada, 2 bolsillos frontales con solapa y 2 bolsillos en pecho con cremallera. Bolsillo en manga. Bolsillo interior con Velcro. Cordón en dobl</p>
