{"id":226720,"date":"2026-03-04T06:27:34","date_gmt":"2026-03-04T05:27:34","guid":{"rendered":"https:\/\/grupotextil.es\/producto\/3317-chaqueta-tecnica\/"},"modified":"2026-04-19T04:06:39","modified_gmt":"2026-04-19T02:06:39","slug":"3317-chaqueta-tecnica","status":"publish","type":"product","link":"https:\/\/grupotextil.es\/ca\/product\/3317-chaqueta-tecnica\/","title":{"rendered":"3317 CHAQUETA T\u00c9CNICA"},"content":{"rendered":"<p>Chaqueta funcional en material t\u00e9cnico proporciona una gran calidez y la m\u00e1xima libertad de movimiento y comodidad. Cremallera bidireccional en la parte delantera. Bolsillos laterales con cremallera. Dos bolsillos interiores. Cintura ajustable con cord\u00f3n. Agarre para el pulgar en los extremos de las mangas.<\/p>\n<p><strong>Composici\u00f3n:<\/strong> 100% Poli\u00e9ster, 265 g\/m2 | <strong>Peso:<\/strong> 265 g\/m\u00b2 | <strong>Tallas:<\/strong> XS-4XL<\/p>","protected":false},"excerpt":{"rendered":"<p>Chaqueta funcional en material t\u00e9cnico proporciona una gran calidez y la m\u00e1xima libertad de movimiento y comodidad. Cremallera bidireccional en la parte delantera. Bolsillos laterales con cremallera. Dos bolsillos interiores. Cintura ajustable con co<\/p>","protected":false},"featured_media":234778,"comment_status":"open","ping_status":"closed","template":"","meta":{"_acf_changed":false},"product_brand":[10531],"product_cat":[13980],"product_tag":[],"class_list":{"0":"post-226720","1":"product","2":"type-product","3":"status-publish","4":"has-post-thumbnail","6":"product_brand-projob","7":"product_cat-h-sudaderas","8":"tm-no-options","10":"first","11":"instock","12":"taxable","13":"shipping-taxable","14":"product-type-variable"},"acf":[],"_links":{"self":[{"href":"https:\/\/grupotextil.es\/ca\/wp-json\/wp\/v2\/product\/226720","targetHints":{"allow":["GET"]}}],"collection":[{"href":"https:\/\/grupotextil.es\/ca\/wp-json\/wp\/v2\/product"}],"about":[{"href":"https:\/\/grupotextil.es\/ca\/wp-json\/wp\/v2\/types\/product"}],"replies":[{"embeddable":true,"href":"https:\/\/grupotextil.es\/ca\/wp-json\/wp\/v2\/comments?post=226720"}],"wp:featuredmedia":[{"embeddable":true,"href":"https:\/\/grupotextil.es\/ca\/wp-json\/wp\/v2\/media\/234778"}],"wp:attachment":[{"href":"https:\/\/grupotextil.es\/ca\/wp-json\/wp\/v2\/media?parent=226720"}],"wp:term":[{"taxonomy":"product_brand","embeddable":true,"href":"https:\/\/grupotextil.es\/ca\/wp-json\/wp\/v2\/product_brand?post=226720"},{"taxonomy":"product_cat","embeddable":true,"href":"https:\/\/grupotextil.es\/ca\/wp-json\/wp\/v2\/product_cat?post=226720"},{"taxonomy":"product_tag","embeddable":true,"href":"https:\/\/grupotextil.es\/ca\/wp-json\/wp\/v2\/product_tag?post=226720"}],"curies":[{"name":"wp","href":"https:\/\/api.w.org\/{rel}","templated":true}]}}

3317 CHAQUETA TÉCNICA

<p>Chaqueta funcional en material técnico proporciona una gran calidez y la máxima libertad de movimiento y comodidad. Cremallera bidireccional en la parte delantera. Bolsillos laterales con cremallera. Dos bolsillos interiores. Cintura ajustable con cordón. Agarre para el pulgar en los extremos de las mangas.</p>
<p><strong>Composición:</strong> 100% Poliéster, 265 g/m2 | <strong>Peso:</strong> 265 g/m² | <strong>Tallas:</strong> XS-4XL</p>

<p>Chaqueta funcional en material técnico proporciona una gran calidez y la máxima libertad de movimiento y comodidad. Cremallera bidireccional en la parte delantera. Bolsillos laterales con cremallera. Dos bolsillos interiores. Cintura ajustable con co</p>
