{"id":227006,"date":"2026-03-04T06:30:22","date_gmt":"2026-03-04T05:30:22","guid":{"rendered":"https:\/\/grupotextil.es\/producto\/classic-oc-polo-women\/"},"modified":"2026-04-26T04:05:34","modified_gmt":"2026-04-26T02:05:34","slug":"classic-oc-polo-women","status":"publish","type":"product","link":"https:\/\/grupotextil.es\/ca\/product\/classic-oc-polo-women\/","title":{"rendered":"Classic OC Polo Women"},"content":{"rendered":"<p>Polo cl\u00e1sico ajustado de manga corta para uso diario en 100% algod\u00f3n org\u00e1nico. 3 botones a tono, aberturas laterales y tapeta reforzada. Canal\u00e9 en cuello y mangas. De f\u00e1cil re etiquetado. Tejido pre-encogido y tratamiento enzim\u00e1tico<\/p>\n<p><strong>Composici\u00f3n:<\/strong> 100% algod\u00f3n org\u00e1nico | <strong>Peso:<\/strong> 200 g\/m2 | <strong>Tallas:<\/strong> XS-XXL<\/p>","protected":false},"excerpt":{"rendered":"<p>Polo cl\u00e1sico ajustado de manga corta para uso diario en 100% algod\u00f3n org\u00e1nico. 3 botones a tono, aberturas laterales y tapeta reforzada. Canal\u00e9 en cuello y mangas. De f\u00e1cil re etiquetado. Tejido pre-encogido y tratamiento enzim\u00e1tico<\/p>","protected":false},"featured_media":234937,"comment_status":"open","ping_status":"closed","template":"","meta":{"_acf_changed":false},"product_brand":[10446],"product_cat":[13979],"product_tag":[],"class_list":{"0":"post-227006","1":"product","2":"type-product","3":"status-publish","4":"has-post-thumbnail","6":"product_brand-clique","7":"product_cat-h-polos","8":"tm-no-options","10":"first","11":"instock","12":"taxable","13":"shipping-taxable","14":"product-type-variable"},"acf":[],"_links":{"self":[{"href":"https:\/\/grupotextil.es\/ca\/wp-json\/wp\/v2\/product\/227006","targetHints":{"allow":["GET"]}}],"collection":[{"href":"https:\/\/grupotextil.es\/ca\/wp-json\/wp\/v2\/product"}],"about":[{"href":"https:\/\/grupotextil.es\/ca\/wp-json\/wp\/v2\/types\/product"}],"replies":[{"embeddable":true,"href":"https:\/\/grupotextil.es\/ca\/wp-json\/wp\/v2\/comments?post=227006"}],"wp:featuredmedia":[{"embeddable":true,"href":"https:\/\/grupotextil.es\/ca\/wp-json\/wp\/v2\/media\/234937"}],"wp:attachment":[{"href":"https:\/\/grupotextil.es\/ca\/wp-json\/wp\/v2\/media?parent=227006"}],"wp:term":[{"taxonomy":"product_brand","embeddable":true,"href":"https:\/\/grupotextil.es\/ca\/wp-json\/wp\/v2\/product_brand?post=227006"},{"taxonomy":"product_cat","embeddable":true,"href":"https:\/\/grupotextil.es\/ca\/wp-json\/wp\/v2\/product_cat?post=227006"},{"taxonomy":"product_tag","embeddable":true,"href":"https:\/\/grupotextil.es\/ca\/wp-json\/wp\/v2\/product_tag?post=227006"}],"curies":[{"name":"wp","href":"https:\/\/api.w.org\/{rel}","templated":true}]}}

<p>Polo clásico ajustado de manga corta para uso diario en 100% algodón orgánico. 3 botones a tono, aberturas laterales y tapeta reforzada. Canalé en cuello y mangas. De fácil re etiquetado. Tejido pre-encogido y tratamiento enzimático</p>
<p><strong>Composición:</strong> 100% algodón orgánico | <strong>Peso:</strong> 200 g/m2 | <strong>Tallas:</strong> XS-XXL</p>

<p>Polo clásico ajustado de manga corta para uso diario en 100% algodón orgánico. 3 botones a tono, aberturas laterales y tapeta reforzada. Canalé en cuello y mangas. De fácil re etiquetado. Tejido pre-encogido y tratamiento enzimático</p>
