{"id":227083,"date":"2026-03-04T06:31:12","date_gmt":"2026-03-04T05:31:12","guid":{"rendered":"https:\/\/grupotextil.es\/producto\/9031-cinturon-elastico\/"},"modified":"2026-04-26T04:05:34","modified_gmt":"2026-04-26T02:05:34","slug":"9031-cinturon-elastico","status":"publish","type":"product","link":"https:\/\/grupotextil.es\/ca\/product\/9031-cinturon-elastico\/","title":{"rendered":"9031 CINTUR\u00d3N EL\u00c1STICO"},"content":{"rendered":"<p>Cintur\u00f3n el\u00e1stico con hebilla abridor de botellas. Medidas: 125 x 3,7cm<\/p>\n<p><strong>Composici\u00f3n:<\/strong> 70% Polipropileno, 30% Elastano  Hebilla: 100% metal libre de n\u00edquel. | <strong>Tallas:<\/strong> UD<\/p>","protected":false},"excerpt":{"rendered":"<p>Cintur\u00f3n el\u00e1stico con hebilla abridor de botellas. Medidas: 125 x 3,7cm<\/p>","protected":false},"featured_media":234972,"comment_status":"open","ping_status":"closed","template":"","meta":{"_acf_changed":false},"product_brand":[10531],"product_cat":[13948],"product_tag":[],"class_list":{"0":"post-227083","1":"product","2":"type-product","3":"status-publish","4":"has-post-thumbnail","6":"product_brand-projob","7":"product_cat-accesorios","8":"tm-no-options","10":"first","11":"instock","12":"taxable","13":"shipping-taxable","14":"product-type-variable"},"acf":[],"_links":{"self":[{"href":"https:\/\/grupotextil.es\/ca\/wp-json\/wp\/v2\/product\/227083","targetHints":{"allow":["GET"]}}],"collection":[{"href":"https:\/\/grupotextil.es\/ca\/wp-json\/wp\/v2\/product"}],"about":[{"href":"https:\/\/grupotextil.es\/ca\/wp-json\/wp\/v2\/types\/product"}],"replies":[{"embeddable":true,"href":"https:\/\/grupotextil.es\/ca\/wp-json\/wp\/v2\/comments?post=227083"}],"wp:featuredmedia":[{"embeddable":true,"href":"https:\/\/grupotextil.es\/ca\/wp-json\/wp\/v2\/media\/234972"}],"wp:attachment":[{"href":"https:\/\/grupotextil.es\/ca\/wp-json\/wp\/v2\/media?parent=227083"}],"wp:term":[{"taxonomy":"product_brand","embeddable":true,"href":"https:\/\/grupotextil.es\/ca\/wp-json\/wp\/v2\/product_brand?post=227083"},{"taxonomy":"product_cat","embeddable":true,"href":"https:\/\/grupotextil.es\/ca\/wp-json\/wp\/v2\/product_cat?post=227083"},{"taxonomy":"product_tag","embeddable":true,"href":"https:\/\/grupotextil.es\/ca\/wp-json\/wp\/v2\/product_tag?post=227083"}],"curies":[{"name":"wp","href":"https:\/\/api.w.org\/{rel}","templated":true}]}}

9031 CINTURÓN ELÁSTICO

<p>Cinturón elástico con hebilla abridor de botellas. Medidas: 125 x 3,7cm</p>
<p><strong>Composición:</strong> 70% Polipropileno, 30% Elastano  Hebilla: 100% metal libre de níquel. | <strong>Tallas:</strong> UD</p>

<p>Cinturón elástico con hebilla abridor de botellas. Medidas: 125 x 3,7cm</p>
