{"id":227137,"date":"2026-03-04T06:31:42","date_gmt":"2026-03-04T05:31:42","guid":{"rendered":"https:\/\/grupotextil.es\/producto\/3521-shorts-elasticos\/"},"modified":"2026-04-26T04:05:34","modified_gmt":"2026-04-26T02:05:34","slug":"3521-shorts-elasticos","status":"publish","type":"product","link":"https:\/\/grupotextil.es\/ca\/product\/3521-shorts-elasticos\/","title":{"rendered":"3521 SHORTS EL\u00c1STICOS"},"content":{"rendered":"<p>Pantalones cortos con gran flexibilidad. Tejido el\u00e1stico en parte trasera para una mayor libertad de movimiento. Bolsillos con cremallera en ambos lados con bolsillo interior para m\u00f3vil y tarjeta identificativa. Funcionales con paneles el\u00e1sticos. Bolsillos extra\u00edbles con espacio para herramientas reforzados con Cordura\u00ae para incrementar la durabilidad.<\/p>\n<p><strong>Composici\u00f3n:<\/strong> Tejido 1: 65% Poli\u00e9ster, 35% algod\u00f3n, 230 g\/m2 Tejido 2: 91,5% Nylon, 8,5% spandex, 245 g\/m2 | <strong>Peso:<\/strong> 230 g\/m\u00b2 | <strong>Tallas:<\/strong> C44-C62<\/p>","protected":false},"excerpt":{"rendered":"<p>Pantalones cortos con gran flexibilidad. Tejido el\u00e1stico en parte trasera para una mayor libertad de movimiento. Bolsillos con cremallera en ambos lados con bolsillo interior para m\u00f3vil y tarjeta identificativa. Funcionales con paneles el\u00e1sticos. Bol<\/p>","protected":false},"featured_media":235003,"comment_status":"open","ping_status":"closed","template":"","meta":{"_acf_changed":false},"product_brand":[10531],"product_cat":[13983],"product_tag":[],"class_list":{"0":"post-227137","1":"product","2":"type-product","3":"status-publish","4":"has-post-thumbnail","6":"product_brand-projob","7":"product_cat-h-pantalones","8":"tm-no-options","10":"first","11":"instock","12":"taxable","13":"shipping-taxable","14":"product-type-variable"},"acf":[],"_links":{"self":[{"href":"https:\/\/grupotextil.es\/ca\/wp-json\/wp\/v2\/product\/227137","targetHints":{"allow":["GET"]}}],"collection":[{"href":"https:\/\/grupotextil.es\/ca\/wp-json\/wp\/v2\/product"}],"about":[{"href":"https:\/\/grupotextil.es\/ca\/wp-json\/wp\/v2\/types\/product"}],"replies":[{"embeddable":true,"href":"https:\/\/grupotextil.es\/ca\/wp-json\/wp\/v2\/comments?post=227137"}],"wp:featuredmedia":[{"embeddable":true,"href":"https:\/\/grupotextil.es\/ca\/wp-json\/wp\/v2\/media\/235003"}],"wp:attachment":[{"href":"https:\/\/grupotextil.es\/ca\/wp-json\/wp\/v2\/media?parent=227137"}],"wp:term":[{"taxonomy":"product_brand","embeddable":true,"href":"https:\/\/grupotextil.es\/ca\/wp-json\/wp\/v2\/product_brand?post=227137"},{"taxonomy":"product_cat","embeddable":true,"href":"https:\/\/grupotextil.es\/ca\/wp-json\/wp\/v2\/product_cat?post=227137"},{"taxonomy":"product_tag","embeddable":true,"href":"https:\/\/grupotextil.es\/ca\/wp-json\/wp\/v2\/product_tag?post=227137"}],"curies":[{"name":"wp","href":"https:\/\/api.w.org\/{rel}","templated":true}]}}

3521 SHORTS ELÁSTICOS

<p>Pantalones cortos con gran flexibilidad. Tejido elástico en parte trasera para una mayor libertad de movimiento. Bolsillos con cremallera en ambos lados con bolsillo interior para móvil y tarjeta identificativa. Funcionales con paneles elásticos. Bolsillos extraíbles con espacio para herramientas reforzados con Cordura® para incrementar la durabilidad.</p>
<p><strong>Composición:</strong> Tejido 1: 65% Poliéster, 35% algodón, 230 g/m2 Tejido 2: 91,5% Nylon, 8,5% spandex, 245 g/m2 | <strong>Peso:</strong> 230 g/m² | <strong>Tallas:</strong> C44-C62</p>

<p>Pantalones cortos con gran flexibilidad. Tejido elástico en parte trasera para una mayor libertad de movimiento. Bolsillos con cremallera en ambos lados con bolsillo interior para móvil y tarjeta identificativa. Funcionales con paneles elásticos. Bol</p>
