{"id":227151,"date":"2026-03-04T06:31:52","date_gmt":"2026-03-04T05:31:52","guid":{"rendered":"https:\/\/grupotextil.es\/producto\/ambition-roundneck\/"},"modified":"2026-04-26T04:05:34","modified_gmt":"2026-04-26T02:05:34","slug":"ambition-roundneck","status":"publish","type":"product","link":"https:\/\/grupotextil.es\/ca\/product\/ambition-roundneck\/","title":{"rendered":"Ambition Roundneck"},"content":{"rendered":"<p>Sudadera unisex de cuello redondo en contraste para mayor visibilidad. Confeccionado con poli\u00e9ster reciclado con tacto de algod\u00f3n. Bolsillo lateral oculto con cremallera. Canal\u00e9 en pu\u00f1os y cintura. De f\u00e1cil reetiquetado.<\/p>\n<p><strong>Composici\u00f3n:<\/strong> 100% Poli\u00e9ster reciclado | <strong>Peso:<\/strong> 280 g\/m2 | <strong>Tallas:<\/strong> XS-5XL<\/p>","protected":false},"excerpt":{"rendered":"<p>Sudadera unisex de cuello redondo en contraste para mayor visibilidad. Confeccionado con poli\u00e9ster reciclado con tacto de algod\u00f3n. Bolsillo lateral oculto con cremallera. Canal\u00e9 en pu\u00f1os y cintura. De f\u00e1cil reetiquetado.<\/p>","protected":false},"featured_media":235013,"comment_status":"open","ping_status":"closed","template":"","meta":{"_acf_changed":false},"product_brand":[10446],"product_cat":[13980],"product_tag":[],"class_list":{"0":"post-227151","1":"product","2":"type-product","3":"status-publish","4":"has-post-thumbnail","6":"product_brand-clique","7":"product_cat-h-sudaderas","8":"tm-no-options","10":"first","11":"instock","12":"taxable","13":"shipping-taxable","14":"product-type-variable"},"acf":[],"_links":{"self":[{"href":"https:\/\/grupotextil.es\/ca\/wp-json\/wp\/v2\/product\/227151","targetHints":{"allow":["GET"]}}],"collection":[{"href":"https:\/\/grupotextil.es\/ca\/wp-json\/wp\/v2\/product"}],"about":[{"href":"https:\/\/grupotextil.es\/ca\/wp-json\/wp\/v2\/types\/product"}],"replies":[{"embeddable":true,"href":"https:\/\/grupotextil.es\/ca\/wp-json\/wp\/v2\/comments?post=227151"}],"wp:featuredmedia":[{"embeddable":true,"href":"https:\/\/grupotextil.es\/ca\/wp-json\/wp\/v2\/media\/235013"}],"wp:attachment":[{"href":"https:\/\/grupotextil.es\/ca\/wp-json\/wp\/v2\/media?parent=227151"}],"wp:term":[{"taxonomy":"product_brand","embeddable":true,"href":"https:\/\/grupotextil.es\/ca\/wp-json\/wp\/v2\/product_brand?post=227151"},{"taxonomy":"product_cat","embeddable":true,"href":"https:\/\/grupotextil.es\/ca\/wp-json\/wp\/v2\/product_cat?post=227151"},{"taxonomy":"product_tag","embeddable":true,"href":"https:\/\/grupotextil.es\/ca\/wp-json\/wp\/v2\/product_tag?post=227151"}],"curies":[{"name":"wp","href":"https:\/\/api.w.org\/{rel}","templated":true}]}}

<p>Sudadera unisex de cuello redondo en contraste para mayor visibilidad. Confeccionado con poliéster reciclado con tacto de algodón. Bolsillo lateral oculto con cremallera. Canalé en puños y cintura. De fácil reetiquetado.</p>
<p><strong>Composición:</strong> 100% Poliéster reciclado | <strong>Peso:</strong> 280 g/m2 | <strong>Tallas:</strong> XS-5XL</p>

<p>Sudadera unisex de cuello redondo en contraste para mayor visibilidad. Confeccionado con poliéster reciclado con tacto de algodón. Bolsillo lateral oculto con cremallera. Canalé en puños y cintura. De fácil reetiquetado.</p>
