{"id":227866,"date":"2026-03-04T06:39:04","date_gmt":"2026-03-04T05:39:04","guid":{"rendered":"https:\/\/grupotextil.es\/producto\/9091-calcetin-de-lana\/"},"modified":"2026-04-26T04:05:39","modified_gmt":"2026-04-26T02:05:39","slug":"9091-calcetin-de-lana","status":"publish","type":"product","link":"https:\/\/grupotextil.es\/ca\/product\/9091-calcetin-de-lana\/","title":{"rendered":"9091 CALCET\u00cdN DE LANA"},"content":{"rendered":"<p>Calcet\u00edn m\u00e1s fino gracias a su mezcla de lana Merino y poliamida que mantiene los pies calientes y secos en condiciones clim\u00e1ticas fr\u00edas. La lana como material antibacteriano ayuda a reducir el olor.<\/p>\n<p><strong>Composici\u00f3n:<\/strong> 45% Lana, 35% Acr\u00edlico, 15% Poliamida reciclada, 5% Elastano | <strong>Tallas:<\/strong> 3639-4648<\/p>","protected":false},"excerpt":{"rendered":"<p>Calcet\u00edn m\u00e1s fino gracias a su mezcla de lana Merino y poliamida que mantiene los pies calientes y secos en condiciones clim\u00e1ticas fr\u00edas. La lana como material antibacteriano ayuda a reducir el olor.<\/p>","protected":false},"featured_media":235411,"comment_status":"open","ping_status":"closed","template":"","meta":{"_acf_changed":false},"product_brand":[10531],"product_cat":[13983],"product_tag":[],"class_list":{"0":"post-227866","1":"product","2":"type-product","3":"status-publish","4":"has-post-thumbnail","6":"product_brand-projob","7":"product_cat-h-pantalones","8":"tm-no-options","10":"first","11":"instock","12":"taxable","13":"shipping-taxable","14":"product-type-variable"},"acf":[],"_links":{"self":[{"href":"https:\/\/grupotextil.es\/ca\/wp-json\/wp\/v2\/product\/227866","targetHints":{"allow":["GET"]}}],"collection":[{"href":"https:\/\/grupotextil.es\/ca\/wp-json\/wp\/v2\/product"}],"about":[{"href":"https:\/\/grupotextil.es\/ca\/wp-json\/wp\/v2\/types\/product"}],"replies":[{"embeddable":true,"href":"https:\/\/grupotextil.es\/ca\/wp-json\/wp\/v2\/comments?post=227866"}],"wp:featuredmedia":[{"embeddable":true,"href":"https:\/\/grupotextil.es\/ca\/wp-json\/wp\/v2\/media\/235411"}],"wp:attachment":[{"href":"https:\/\/grupotextil.es\/ca\/wp-json\/wp\/v2\/media?parent=227866"}],"wp:term":[{"taxonomy":"product_brand","embeddable":true,"href":"https:\/\/grupotextil.es\/ca\/wp-json\/wp\/v2\/product_brand?post=227866"},{"taxonomy":"product_cat","embeddable":true,"href":"https:\/\/grupotextil.es\/ca\/wp-json\/wp\/v2\/product_cat?post=227866"},{"taxonomy":"product_tag","embeddable":true,"href":"https:\/\/grupotextil.es\/ca\/wp-json\/wp\/v2\/product_tag?post=227866"}],"curies":[{"name":"wp","href":"https:\/\/api.w.org\/{rel}","templated":true}]}}

9091 CALCETÍN DE LANA

<p>Calcetín más fino gracias a su mezcla de lana Merino y poliamida que mantiene los pies calientes y secos en condiciones climáticas frías. La lana como material antibacteriano ayuda a reducir el olor.</p>
<p><strong>Composición:</strong> 45% Lana, 35% Acrílico, 15% Poliamida reciclada, 5% Elastano | <strong>Tallas:</strong> 3639-4648</p>

<p>Calcetín más fino gracias a su mezcla de lana Merino y poliamida que mantiene los pies calientes y secos en condiciones climáticas frías. La lana como material antibacteriano ayuda a reducir el olor.</p>
