{"id":228025,"date":"2026-03-04T06:40:35","date_gmt":"2026-03-04T05:40:35","guid":{"rendered":"https:\/\/grupotextil.es\/producto\/premium-oc-roundneck\/"},"modified":"2026-04-26T04:05:39","modified_gmt":"2026-04-26T02:05:39","slug":"premium-oc-roundneck","status":"publish","type":"product","link":"https:\/\/grupotextil.es\/ca\/product\/premium-oc-roundneck\/","title":{"rendered":"Premium OC Roundneck"},"content":{"rendered":"<p>Sudadera cuello redondo en algod\u00f3n org\u00e1nico y poli\u00e9ster reciclado. Mangas raglan y look totalmente contempor\u00e1neo. Bolsillo lateral oculto con cremallera y soluci\u00f3n para auriculares. CVC French Terry, cuello herringbone y canal\u00e9 en cintura y pu\u00f1os. Canal\u00e9 el\u00e1stico 1&#215;1.<\/p>\n<p><strong>Composici\u00f3n:<\/strong> 85% Algod\u00f3n org\u00e1nico \/ 15% Poli\u00e9ster reciclado | <strong>Peso:<\/strong> 300 g\/m2 | <strong>Tallas:<\/strong> XS-4XL (925, 955: XS-3XL)<\/p>","protected":false},"excerpt":{"rendered":"<p>Sudadera cuello redondo en algod\u00f3n org\u00e1nico y poli\u00e9ster reciclado. Mangas raglan y look totalmente contempor\u00e1neo. Bolsillo lateral oculto con cremallera y soluci\u00f3n para auriculares. CVC French Terry, cuello herringbone y canal\u00e9 en cintura y pu\u00f1os. Ca<\/p>","protected":false},"featured_media":235499,"comment_status":"open","ping_status":"closed","template":"","meta":{"_acf_changed":false},"product_brand":[10446],"product_cat":[13980],"product_tag":[],"class_list":{"0":"post-228025","1":"product","2":"type-product","3":"status-publish","4":"has-post-thumbnail","6":"product_brand-clique","7":"product_cat-h-sudaderas","8":"tm-no-options","10":"first","11":"instock","12":"taxable","13":"shipping-taxable","14":"product-type-variable"},"acf":[],"_links":{"self":[{"href":"https:\/\/grupotextil.es\/ca\/wp-json\/wp\/v2\/product\/228025","targetHints":{"allow":["GET"]}}],"collection":[{"href":"https:\/\/grupotextil.es\/ca\/wp-json\/wp\/v2\/product"}],"about":[{"href":"https:\/\/grupotextil.es\/ca\/wp-json\/wp\/v2\/types\/product"}],"replies":[{"embeddable":true,"href":"https:\/\/grupotextil.es\/ca\/wp-json\/wp\/v2\/comments?post=228025"}],"wp:featuredmedia":[{"embeddable":true,"href":"https:\/\/grupotextil.es\/ca\/wp-json\/wp\/v2\/media\/235499"}],"wp:attachment":[{"href":"https:\/\/grupotextil.es\/ca\/wp-json\/wp\/v2\/media?parent=228025"}],"wp:term":[{"taxonomy":"product_brand","embeddable":true,"href":"https:\/\/grupotextil.es\/ca\/wp-json\/wp\/v2\/product_brand?post=228025"},{"taxonomy":"product_cat","embeddable":true,"href":"https:\/\/grupotextil.es\/ca\/wp-json\/wp\/v2\/product_cat?post=228025"},{"taxonomy":"product_tag","embeddable":true,"href":"https:\/\/grupotextil.es\/ca\/wp-json\/wp\/v2\/product_tag?post=228025"}],"curies":[{"name":"wp","href":"https:\/\/api.w.org\/{rel}","templated":true}]}}

<p>Sudadera cuello redondo en algodón orgánico y poliéster reciclado. Mangas raglan y look totalmente contemporáneo. Bolsillo lateral oculto con cremallera y solución para auriculares. CVC French Terry, cuello herringbone y canalé en cintura y puños. Canalé elástico 1&#215;1.</p>
<p><strong>Composición:</strong> 85% Algodón orgánico / 15% Poliéster reciclado | <strong>Peso:</strong> 300 g/m2 | <strong>Tallas:</strong> XS-4XL (925, 955: XS-3XL)</p>

<p>Sudadera cuello redondo en algodón orgánico y poliéster reciclado. Mangas raglan y look totalmente contemporáneo. Bolsillo lateral oculto con cremallera y solución para auriculares. CVC French Terry, cuello herringbone y canalé en cintura y puños. Ca</p>
