{"id":228165,"date":"2026-03-04T06:42:01","date_gmt":"2026-03-04T05:42:01","guid":{"rendered":"https:\/\/grupotextil.es\/producto\/9082-gorra-con-orejeras\/"},"modified":"2026-04-19T04:06:48","modified_gmt":"2026-04-19T02:06:48","slug":"9082-gorra-con-orejeras","status":"publish","type":"product","link":"https:\/\/grupotextil.es\/ca\/product\/9082-gorra-con-orejeras\/","title":{"rendered":"9082 GORRA CON OREJERAS"},"content":{"rendered":"<p>Gorra con orejeras y c\u00f3modo forro interior. Las orejeras tienen botones a presi\u00f3n que pueden colocarse bajo la barbilla o en la parte superior.<\/p>\n<p><strong>Composici\u00f3n:<\/strong> Sarga de algod\u00f3n. Pil\u00e9 en 100% poli\u00e9ster | <strong>Tallas:<\/strong> UD<\/p>","protected":false},"excerpt":{"rendered":"<p>Gorra con orejeras y c\u00f3modo forro interior. Las orejeras tienen botones a presi\u00f3n que pueden colocarse bajo la barbilla o en la parte superior.<\/p>","protected":false},"featured_media":235577,"comment_status":"open","ping_status":"closed","template":"","meta":{"_acf_changed":false},"product_brand":[10531],"product_cat":[15139],"product_tag":[],"class_list":{"0":"post-228165","1":"product","2":"type-product","3":"status-publish","4":"has-post-thumbnail","6":"product_brand-projob","7":"product_cat-gorros","8":"tm-no-options","10":"first","11":"instock","12":"taxable","13":"shipping-taxable","14":"product-type-variable"},"acf":[],"_links":{"self":[{"href":"https:\/\/grupotextil.es\/ca\/wp-json\/wp\/v2\/product\/228165","targetHints":{"allow":["GET"]}}],"collection":[{"href":"https:\/\/grupotextil.es\/ca\/wp-json\/wp\/v2\/product"}],"about":[{"href":"https:\/\/grupotextil.es\/ca\/wp-json\/wp\/v2\/types\/product"}],"replies":[{"embeddable":true,"href":"https:\/\/grupotextil.es\/ca\/wp-json\/wp\/v2\/comments?post=228165"}],"wp:featuredmedia":[{"embeddable":true,"href":"https:\/\/grupotextil.es\/ca\/wp-json\/wp\/v2\/media\/235577"}],"wp:attachment":[{"href":"https:\/\/grupotextil.es\/ca\/wp-json\/wp\/v2\/media?parent=228165"}],"wp:term":[{"taxonomy":"product_brand","embeddable":true,"href":"https:\/\/grupotextil.es\/ca\/wp-json\/wp\/v2\/product_brand?post=228165"},{"taxonomy":"product_cat","embeddable":true,"href":"https:\/\/grupotextil.es\/ca\/wp-json\/wp\/v2\/product_cat?post=228165"},{"taxonomy":"product_tag","embeddable":true,"href":"https:\/\/grupotextil.es\/ca\/wp-json\/wp\/v2\/product_tag?post=228165"}],"curies":[{"name":"wp","href":"https:\/\/api.w.org\/{rel}","templated":true}]}}

<p>Gorra con orejeras y cómodo forro interior. Las orejeras tienen botones a presión que pueden colocarse bajo la barbilla o en la parte superior.</p>
<p><strong>Composición:</strong> Sarga de algodón. Pilé en 100% poliéster | <strong>Tallas:</strong> UD</p>

<p>Gorra con orejeras y cómodo forro interior. Las orejeras tienen botones a presión que pueden colocarse bajo la barbilla o en la parte superior.</p>
