{"id":228243,"date":"2026-03-04T06:42:49","date_gmt":"2026-03-04T05:42:49","guid":{"rendered":"https:\/\/grupotextil.es\/producto\/3109-termica-mujer\/"},"modified":"2026-04-26T04:05:41","modified_gmt":"2026-04-26T02:05:41","slug":"3109-termica-mujer","status":"publish","type":"product","link":"https:\/\/grupotextil.es\/ca\/product\/3109-termica-mujer\/","title":{"rendered":"3109 T\u00c9RMICA MUJER"},"content":{"rendered":"<p>T\u00e9rmica con cuello redondo de mujer en lana Merino que mantiene el cuerpo c\u00e1lido y seco en condiciones clim\u00e1ticas fr\u00edas. Tejido suave y el\u00e1stico para una mayor libertad de movimientos. Espalda alergada. Pu\u00f1os en mangas.<\/p>\n<p><strong>Composici\u00f3n:<\/strong> Tejido 1: 100% Lana Merino, Tejido 2: 94% Poli\u00e9ster, 6% Poliamida | <strong>Peso:<\/strong> 200 g\/m2 | <strong>Tallas:<\/strong> XS-3XL<\/p>","protected":false},"excerpt":{"rendered":"<p>T\u00e9rmica con cuello redondo de mujer en lana Merino que mantiene el cuerpo c\u00e1lido y seco en condiciones clim\u00e1ticas fr\u00edas. Tejido suave y el\u00e1stico para una mayor libertad de movimientos. Espalda alergada. Pu\u00f1os en mangas.<\/p>","protected":false},"featured_media":235615,"comment_status":"open","ping_status":"closed","template":"","meta":{"_acf_changed":false},"product_brand":[10531],"product_cat":[13983],"product_tag":[],"class_list":{"0":"post-228243","1":"product","2":"type-product","3":"status-publish","4":"has-post-thumbnail","6":"product_brand-projob","7":"product_cat-h-pantalones","8":"tm-no-options","10":"first","11":"instock","12":"taxable","13":"shipping-taxable","14":"product-type-variable"},"acf":[],"_links":{"self":[{"href":"https:\/\/grupotextil.es\/ca\/wp-json\/wp\/v2\/product\/228243","targetHints":{"allow":["GET"]}}],"collection":[{"href":"https:\/\/grupotextil.es\/ca\/wp-json\/wp\/v2\/product"}],"about":[{"href":"https:\/\/grupotextil.es\/ca\/wp-json\/wp\/v2\/types\/product"}],"replies":[{"embeddable":true,"href":"https:\/\/grupotextil.es\/ca\/wp-json\/wp\/v2\/comments?post=228243"}],"wp:featuredmedia":[{"embeddable":true,"href":"https:\/\/grupotextil.es\/ca\/wp-json\/wp\/v2\/media\/235615"}],"wp:attachment":[{"href":"https:\/\/grupotextil.es\/ca\/wp-json\/wp\/v2\/media?parent=228243"}],"wp:term":[{"taxonomy":"product_brand","embeddable":true,"href":"https:\/\/grupotextil.es\/ca\/wp-json\/wp\/v2\/product_brand?post=228243"},{"taxonomy":"product_cat","embeddable":true,"href":"https:\/\/grupotextil.es\/ca\/wp-json\/wp\/v2\/product_cat?post=228243"},{"taxonomy":"product_tag","embeddable":true,"href":"https:\/\/grupotextil.es\/ca\/wp-json\/wp\/v2\/product_tag?post=228243"}],"curies":[{"name":"wp","href":"https:\/\/api.w.org\/{rel}","templated":true}]}}

3109 TÉRMICA MUJER

<p>Térmica con cuello redondo de mujer en lana Merino que mantiene el cuerpo cálido y seco en condiciones climáticas frías. Tejido suave y elástico para una mayor libertad de movimientos. Espalda alergada. Puños en mangas.</p>
<p><strong>Composición:</strong> Tejido 1: 100% Lana Merino, Tejido 2: 94% Poliéster, 6% Poliamida | <strong>Peso:</strong> 200 g/m2 | <strong>Tallas:</strong> XS-3XL</p>

<p>Térmica con cuello redondo de mujer en lana Merino que mantiene el cuerpo cálido y seco en condiciones climáticas frías. Tejido suave y elástico para una mayor libertad de movimientos. Espalda alergada. Puños en mangas.</p>
