{"id":228279,"date":"2026-03-04T06:43:10","date_gmt":"2026-03-04T05:43:10","guid":{"rendered":"https:\/\/grupotextil.es\/producto\/explore-power-fleece-beanie\/"},"modified":"2026-04-26T04:05:41","modified_gmt":"2026-04-26T02:05:41","slug":"explore-power-fleece-beanie","status":"publish","type":"product","link":"https:\/\/grupotextil.es\/ca\/product\/explore-power-fleece-beanie\/","title":{"rendered":"Explore Power Fleece Beanie"},"content":{"rendered":"<p>El gorro Explore Power Fleece Beanie es un art\u00edculo supersuave y altamente aislante que constituye un complemento esencial en el armario de cualquier entusiasta de las actividades al aire libre, ya que proporciona calidez y comodidad en las duras condiciones invernales.<\/p>\n<p>Este funcional gorro est\u00e1 confeccionado en un tejido polar el\u00e1stico con excepcionales propiedades de retenci\u00f3n del calor y transpirabilidad. El suave material polar atrapa el calor cerca del cuerpo al tiempo que permite la salida de la humedad y el sudor, manteniendo la cabeza y las orejas calientes y secas durante las actividades al aire libre en condiciones de fr\u00edo.<\/p>\n<p>\u2022 Forro polar suave y el\u00e1stico de poli\u00e9ster reciclado y elastano (245 g\/m\u00b2)<\/p>\n<p>\u2022 Parte trasera cepillada para mayor comodidad y con propiedades aislantes<\/p>\n<p>\u2022 Logotipo bordado en el centro de la parte delantera<\/p>\n<p>\u2022 Ajuste estrecho<\/p>\n<p><strong>Composici\u00f3n:<\/strong> 94% Poli\u00e9ster-Recycled, 6% Elastano | <strong>Tallas:<\/strong> S\/M-L\/XL<\/p>","protected":false},"excerpt":{"rendered":"<p>El gorro Explore Power Fleece Beanie es un art\u00edculo supersuave y altamente aislante que constituye un complemento esencial en el armario de cualquier entusiasta de las actividades al aire libre, ya que proporciona calidez y comodidad en las duras con<\/p>","protected":false},"featured_media":235640,"comment_status":"open","ping_status":"closed","template":"","meta":{"_acf_changed":false},"product_brand":[10489],"product_cat":[13948],"product_tag":[],"class_list":{"0":"post-228279","1":"product","2":"type-product","3":"status-publish","4":"has-post-thumbnail","6":"product_brand-craft","7":"product_cat-accesorios","8":"tm-no-options","10":"first","11":"instock","12":"taxable","13":"shipping-taxable","14":"product-type-variable"},"acf":[],"_links":{"self":[{"href":"https:\/\/grupotextil.es\/ca\/wp-json\/wp\/v2\/product\/228279","targetHints":{"allow":["GET"]}}],"collection":[{"href":"https:\/\/grupotextil.es\/ca\/wp-json\/wp\/v2\/product"}],"about":[{"href":"https:\/\/grupotextil.es\/ca\/wp-json\/wp\/v2\/types\/product"}],"replies":[{"embeddable":true,"href":"https:\/\/grupotextil.es\/ca\/wp-json\/wp\/v2\/comments?post=228279"}],"wp:featuredmedia":[{"embeddable":true,"href":"https:\/\/grupotextil.es\/ca\/wp-json\/wp\/v2\/media\/235640"}],"wp:attachment":[{"href":"https:\/\/grupotextil.es\/ca\/wp-json\/wp\/v2\/media?parent=228279"}],"wp:term":[{"taxonomy":"product_brand","embeddable":true,"href":"https:\/\/grupotextil.es\/ca\/wp-json\/wp\/v2\/product_brand?post=228279"},{"taxonomy":"product_cat","embeddable":true,"href":"https:\/\/grupotextil.es\/ca\/wp-json\/wp\/v2\/product_cat?post=228279"},{"taxonomy":"product_tag","embeddable":true,"href":"https:\/\/grupotextil.es\/ca\/wp-json\/wp\/v2\/product_tag?post=228279"}],"curies":[{"name":"wp","href":"https:\/\/api.w.org\/{rel}","templated":true}]}}

<p>El gorro Explore Power Fleece Beanie es un artículo supersuave y altamente aislante que constituye un complemento esencial en el armario de cualquier entusiasta de las actividades al aire libre, ya que proporciona calidez y comodidad en las duras condiciones invernales.</p>
<p>Este funcional gorro está confeccionado en un tejido polar elástico con excepcionales propiedades de retención del calor y transpirabilidad. El suave material polar atrapa el calor cerca del cuerpo al tiempo que permite la salida de la humedad y el sudor, manteniendo la cabeza y las orejas calientes y secas durante las actividades al aire libre en condiciones de frío.</p>
<p>• Forro polar suave y elástico de poliéster reciclado y elastano (245 g/m²)</p>
<p>• Parte trasera cepillada para mayor comodidad y con propiedades aislantes</p>
<p>• Logotipo bordado en el centro de la parte delantera</p>
<p>• Ajuste estrecho</p>
<p><strong>Composición:</strong> 94% Poliéster-Recycled, 6% Elastano | <strong>Tallas:</strong> S/M-L/XL</p>

<p>El gorro Explore Power Fleece Beanie es un artículo supersuave y altamente aislante que constituye un complemento esencial en el armario de cualquier entusiasta de las actividades al aire libre, ya que proporciona calidez y comodidad en las duras con</p>
