{"id":228391,"date":"2026-03-04T06:44:16","date_gmt":"2026-03-04T05:44:16","guid":{"rendered":"https:\/\/grupotextil.es\/producto\/neon-t-junior\/"},"modified":"2026-04-26T04:05:42","modified_gmt":"2026-04-26T02:05:42","slug":"neon-t-junior","status":"publish","type":"product","link":"https:\/\/grupotextil.es\/ca\/product\/neon-t-junior\/","title":{"rendered":"Neon-T Junior"},"content":{"rendered":"<p>Camiseta moderna de poli\u00e9ster con un tacto de algod\u00f3n. Costuras laterales, doble capa en canal\u00e9 y tapeta reforzada.<\/p>\n<p><strong>Composici\u00f3n:<\/strong> 100% poli\u00e9ster | <strong>Peso:<\/strong> 160 g\/m2 | <strong>Tallas:<\/strong> 100 (3-5 A\u00f1os)-160 (12-14 A\u00f1os)<\/p>","protected":false},"excerpt":{"rendered":"<p>Camiseta moderna de poli\u00e9ster con un tacto de algod\u00f3n. Costuras laterales, doble capa en canal\u00e9 y tapeta reforzada.<\/p>","protected":false},"featured_media":235703,"comment_status":"open","ping_status":"closed","template":"","meta":{"_acf_changed":false},"product_brand":[10446],"product_cat":[13995],"product_tag":[],"class_list":{"0":"post-228391","1":"product","2":"type-product","3":"status-publish","4":"has-post-thumbnail","6":"product_brand-clique","7":"product_cat-n-camisetas","8":"tm-no-options","10":"first","11":"instock","12":"taxable","13":"shipping-taxable","14":"product-type-variable"},"acf":[],"_links":{"self":[{"href":"https:\/\/grupotextil.es\/ca\/wp-json\/wp\/v2\/product\/228391","targetHints":{"allow":["GET"]}}],"collection":[{"href":"https:\/\/grupotextil.es\/ca\/wp-json\/wp\/v2\/product"}],"about":[{"href":"https:\/\/grupotextil.es\/ca\/wp-json\/wp\/v2\/types\/product"}],"replies":[{"embeddable":true,"href":"https:\/\/grupotextil.es\/ca\/wp-json\/wp\/v2\/comments?post=228391"}],"wp:featuredmedia":[{"embeddable":true,"href":"https:\/\/grupotextil.es\/ca\/wp-json\/wp\/v2\/media\/235703"}],"wp:attachment":[{"href":"https:\/\/grupotextil.es\/ca\/wp-json\/wp\/v2\/media?parent=228391"}],"wp:term":[{"taxonomy":"product_brand","embeddable":true,"href":"https:\/\/grupotextil.es\/ca\/wp-json\/wp\/v2\/product_brand?post=228391"},{"taxonomy":"product_cat","embeddable":true,"href":"https:\/\/grupotextil.es\/ca\/wp-json\/wp\/v2\/product_cat?post=228391"},{"taxonomy":"product_tag","embeddable":true,"href":"https:\/\/grupotextil.es\/ca\/wp-json\/wp\/v2\/product_tag?post=228391"}],"curies":[{"name":"wp","href":"https:\/\/api.w.org\/{rel}","templated":true}]}}

<p>Camiseta moderna de poliéster con un tacto de algodón. Costuras laterales, doble capa en canalé y tapeta reforzada.</p>
<p><strong>Composición:</strong> 100% poliéster | <strong>Peso:</strong> 160 g/m2 | <strong>Tallas:</strong> 100 (3-5 Años)-160 (12-14 Años)</p>

<p>Camiseta moderna de poliéster con un tacto de algodón. Costuras laterales, doble capa en canalé y tapeta reforzada.</p>
