{"id":228427,"date":"2026-03-04T06:44:42","date_gmt":"2026-03-04T05:44:42","guid":{"rendered":"https:\/\/grupotextil.es\/producto\/prime-sweatvest-lady\/"},"modified":"2026-04-19T04:06:50","modified_gmt":"2026-04-19T02:06:50","slug":"prime-sweatvest-lady","status":"publish","type":"product","link":"https:\/\/grupotextil.es\/ca\/product\/prime-sweatvest-lady\/","title":{"rendered":"Prime Sweatvest Lady"},"content":{"rendered":"<p>Chaqueta sudadera bicolor con cremallera a contraste frontal y en los bolsillos delanteros. Cinta a contraste en el cuello. Canal\u00e9 2&#215;2 en mangas y cintura. Etiqueta en cuello f\u00e1cil de quitar y etiqueta de talla separada. Tiradores de cremallera a contraste. Los tiradores de cremallera de repuesto se venden por separado. Certificado Oeko-Tex 100. Este art\u00edculo se presenta en una bolsa de polietileno biodegradable y compostable.<\/p>\n<p><strong>Composici\u00f3n:<\/strong> 50% algod\u00f3n org\u00e1nico, 50% poli\u00e9ster reciclado, 280 g\/m\u00b2 | <strong>Peso:<\/strong> 280 g\/m\u00b2 | <strong>Tallas:<\/strong> XS-XXL<\/p>","protected":false},"excerpt":{"rendered":"<p>Chaqueta sudadera bicolor con cremallera a contraste frontal y en los bolsillos delanteros. Cinta a contraste en el cuello. Canal\u00e9 2&#215;2 en mangas y cintura. Etiqueta en cuello f\u00e1cil de quitar y etiqueta de talla separada. Tiradores de cremallera a con<\/p>","protected":false},"featured_media":235721,"comment_status":"open","ping_status":"closed","template":"","meta":{"_acf_changed":false},"product_brand":[10586],"product_cat":[15147],"product_tag":[],"class_list":{"0":"post-228427","1":"product","2":"type-product","3":"status-publish","4":"has-post-thumbnail","6":"product_brand-printer-prime","7":"product_cat-new-wave","8":"tm-no-options","10":"first","11":"instock","12":"taxable","13":"shipping-taxable","14":"product-type-variable"},"acf":[],"_links":{"self":[{"href":"https:\/\/grupotextil.es\/ca\/wp-json\/wp\/v2\/product\/228427","targetHints":{"allow":["GET"]}}],"collection":[{"href":"https:\/\/grupotextil.es\/ca\/wp-json\/wp\/v2\/product"}],"about":[{"href":"https:\/\/grupotextil.es\/ca\/wp-json\/wp\/v2\/types\/product"}],"replies":[{"embeddable":true,"href":"https:\/\/grupotextil.es\/ca\/wp-json\/wp\/v2\/comments?post=228427"}],"wp:featuredmedia":[{"embeddable":true,"href":"https:\/\/grupotextil.es\/ca\/wp-json\/wp\/v2\/media\/235721"}],"wp:attachment":[{"href":"https:\/\/grupotextil.es\/ca\/wp-json\/wp\/v2\/media?parent=228427"}],"wp:term":[{"taxonomy":"product_brand","embeddable":true,"href":"https:\/\/grupotextil.es\/ca\/wp-json\/wp\/v2\/product_brand?post=228427"},{"taxonomy":"product_cat","embeddable":true,"href":"https:\/\/grupotextil.es\/ca\/wp-json\/wp\/v2\/product_cat?post=228427"},{"taxonomy":"product_tag","embeddable":true,"href":"https:\/\/grupotextil.es\/ca\/wp-json\/wp\/v2\/product_tag?post=228427"}],"curies":[{"name":"wp","href":"https:\/\/api.w.org\/{rel}","templated":true}]}}

<p>Chaqueta sudadera bicolor con cremallera a contraste frontal y en los bolsillos delanteros. Cinta a contraste en el cuello. Canalé 2&#215;2 en mangas y cintura. Etiqueta en cuello fácil de quitar y etiqueta de talla separada. Tiradores de cremallera a contraste. Los tiradores de cremallera de repuesto se venden por separado. Certificado Oeko-Tex 100. Este artículo se presenta en una bolsa de polietileno biodegradable y compostable.</p>
<p><strong>Composición:</strong> 50% algodón orgánico, 50% poliéster reciclado, 280 g/m² | <strong>Peso:</strong> 280 g/m² | <strong>Tallas:</strong> XS-XXL</p>

<p>Chaqueta sudadera bicolor con cremallera a contraste frontal y en los bolsillos delanteros. Cinta a contraste en el cuello. Canalé 2&#215;2 en mangas y cintura. Etiqueta en cuello fácil de quitar y etiqueta de talla separada. Tiradores de cremallera a con</p>
