{"id":228462,"date":"2026-03-04T06:45:09","date_gmt":"2026-03-04T05:45:09","guid":{"rendered":"https:\/\/grupotextil.es\/producto\/colorado-women\/"},"modified":"2026-04-26T04:05:42","modified_gmt":"2026-04-26T02:05:42","slug":"colorado-women","status":"publish","type":"product","link":"https:\/\/grupotextil.es\/ca\/product\/colorado-women\/","title":{"rendered":"Colorado Women"},"content":{"rendered":"<p>C\u00e1lida chaqueta acolchada. Cremallera Waterproof SBS en pecho y bols\u00edllos frontales. Capucha extra\u00edble y ajustable. 2 grandes bolsillos interiores con malla. Cord\u00f3n en cintura. Canal\u00e9 interior 2&#215;2 en pu\u00f1os. Cremallera para bordado.<\/p>\n<p><strong>Composici\u00f3n:<\/strong> 100% poli\u00e9ster; 50D rib-stop +TPU film ; Material en hombros: 100% poli\u00e9ster +TPU coating 50D*50D. WP 5000\/MVP 3000. | <strong>Tallas:<\/strong> XS-XXL<\/p>","protected":false},"excerpt":{"rendered":"<p>C\u00e1lida chaqueta acolchada. Cremallera Waterproof SBS en pecho y bols\u00edllos frontales. Capucha extra\u00edble y ajustable. 2 grandes bolsillos interiores con malla. Cord\u00f3n en cintura. Canal\u00e9 interior 2&#215;2 en pu\u00f1os. Cremallera para bordado.<\/p>","protected":false},"featured_media":235737,"comment_status":"open","ping_status":"closed","template":"","meta":{"_acf_changed":false},"product_brand":[10446],"product_cat":[13998],"product_tag":[],"class_list":{"0":"post-228462","1":"product","2":"type-product","3":"status-publish","4":"has-post-thumbnail","6":"product_brand-clique","7":"product_cat-n-chaquetas","8":"tm-no-options","10":"first","11":"instock","12":"taxable","13":"shipping-taxable","14":"product-type-variable"},"acf":[],"_links":{"self":[{"href":"https:\/\/grupotextil.es\/ca\/wp-json\/wp\/v2\/product\/228462","targetHints":{"allow":["GET"]}}],"collection":[{"href":"https:\/\/grupotextil.es\/ca\/wp-json\/wp\/v2\/product"}],"about":[{"href":"https:\/\/grupotextil.es\/ca\/wp-json\/wp\/v2\/types\/product"}],"replies":[{"embeddable":true,"href":"https:\/\/grupotextil.es\/ca\/wp-json\/wp\/v2\/comments?post=228462"}],"wp:featuredmedia":[{"embeddable":true,"href":"https:\/\/grupotextil.es\/ca\/wp-json\/wp\/v2\/media\/235737"}],"wp:attachment":[{"href":"https:\/\/grupotextil.es\/ca\/wp-json\/wp\/v2\/media?parent=228462"}],"wp:term":[{"taxonomy":"product_brand","embeddable":true,"href":"https:\/\/grupotextil.es\/ca\/wp-json\/wp\/v2\/product_brand?post=228462"},{"taxonomy":"product_cat","embeddable":true,"href":"https:\/\/grupotextil.es\/ca\/wp-json\/wp\/v2\/product_cat?post=228462"},{"taxonomy":"product_tag","embeddable":true,"href":"https:\/\/grupotextil.es\/ca\/wp-json\/wp\/v2\/product_tag?post=228462"}],"curies":[{"name":"wp","href":"https:\/\/api.w.org\/{rel}","templated":true}]}}

<p>Cálida chaqueta acolchada. Cremallera Waterproof SBS en pecho y bolsíllos frontales. Capucha extraíble y ajustable. 2 grandes bolsillos interiores con malla. Cordón en cintura. Canalé interior 2&#215;2 en puños. Cremallera para bordado.</p>
<p><strong>Composición:</strong> 100% poliéster; 50D rib-stop +TPU film ; Material en hombros: 100% poliéster +TPU coating 50D*50D. WP 5000/MVP 3000. | <strong>Tallas:</strong> XS-XXL</p>

<p>Cálida chaqueta acolchada. Cremallera Waterproof SBS en pecho y bolsíllos frontales. Capucha extraíble y ajustable. 2 grandes bolsillos interiores con malla. Cordón en cintura. Canalé interior 2&#215;2 en puños. Cremallera para bordado.</p>
