{"id":228741,"date":"2026-03-04T06:48:41","date_gmt":"2026-03-04T05:48:41","guid":{"rendered":"https:\/\/grupotextil.es\/producto\/adv-nordic-ski-club-jacket-m\/"},"modified":"2026-04-26T04:05:43","modified_gmt":"2026-04-26T02:05:43","slug":"adv-nordic-ski-club-jacket-m","status":"publish","type":"product","link":"https:\/\/grupotextil.es\/ca\/product\/adv-nordic-ski-club-jacket-m\/","title":{"rendered":"ADV Nordic Ski Club Jacket M"},"content":{"rendered":"<p>Chaqueta de esqu\u00ed n\u00f3rdico vers\u00e1til y c\u00e1lida con ligero acolchado en el pecho y poli\u00e9ster reciclado resistente al viento en la parte delantera y trasera.<\/p>\n<p>\u2022 Tejido el\u00e1stico, ligero y resistente al viento en la parte delantera y trasera con 50% poli\u00e9ster reciclado<\/p>\n<p>\u2022 Mangas pre-curvadas<\/p>\n<p>\u2022 Estampados y cintas reflectantes en la parte delantera y trasera<\/p>\n<p>\u2022 Dos bolsillos delanteros con cremallera<\/p>\n<p>\u2022 Lana Flex cepillada en el interior del cuello<\/p>\n<p><strong>Composici\u00f3n:<\/strong> Parte frontal: Cara 100% poli\u00e9ster reciclado, Espalda 100% poliuretano, Mangas: Cara 100% poli\u00e9ster reciclado, Espalda 100% poliuretano, Parte trasera: 100% poli\u00e9ster reciclado. Relleno: 100% poli\u00e9ster | <strong>Peso:<\/strong> 105 g\/m\u00b2 (2layer) 225 g\/m\u00b2 fleece | <strong>Tallas:<\/strong> XXS-3XL<\/p>","protected":false},"excerpt":{"rendered":"<p>Chaqueta de esqu\u00ed n\u00f3rdico vers\u00e1til y c\u00e1lida con ligero acolchado en el pecho y poli\u00e9ster reciclado resistente al viento en la parte delantera y trasera.<\/p>","protected":false},"featured_media":235870,"comment_status":"open","ping_status":"closed","template":"","meta":{"_acf_changed":false},"product_brand":[10489],"product_cat":[13998],"product_tag":[],"class_list":{"0":"post-228741","1":"product","2":"type-product","3":"status-publish","4":"has-post-thumbnail","6":"product_brand-craft","7":"product_cat-n-chaquetas","8":"tm-no-options","10":"first","11":"instock","12":"taxable","13":"shipping-taxable","14":"product-type-variable"},"acf":[],"_links":{"self":[{"href":"https:\/\/grupotextil.es\/ca\/wp-json\/wp\/v2\/product\/228741","targetHints":{"allow":["GET"]}}],"collection":[{"href":"https:\/\/grupotextil.es\/ca\/wp-json\/wp\/v2\/product"}],"about":[{"href":"https:\/\/grupotextil.es\/ca\/wp-json\/wp\/v2\/types\/product"}],"replies":[{"embeddable":true,"href":"https:\/\/grupotextil.es\/ca\/wp-json\/wp\/v2\/comments?post=228741"}],"wp:featuredmedia":[{"embeddable":true,"href":"https:\/\/grupotextil.es\/ca\/wp-json\/wp\/v2\/media\/235870"}],"wp:attachment":[{"href":"https:\/\/grupotextil.es\/ca\/wp-json\/wp\/v2\/media?parent=228741"}],"wp:term":[{"taxonomy":"product_brand","embeddable":true,"href":"https:\/\/grupotextil.es\/ca\/wp-json\/wp\/v2\/product_brand?post=228741"},{"taxonomy":"product_cat","embeddable":true,"href":"https:\/\/grupotextil.es\/ca\/wp-json\/wp\/v2\/product_cat?post=228741"},{"taxonomy":"product_tag","embeddable":true,"href":"https:\/\/grupotextil.es\/ca\/wp-json\/wp\/v2\/product_tag?post=228741"}],"curies":[{"name":"wp","href":"https:\/\/api.w.org\/{rel}","templated":true}]}}

<p>Chaqueta de esquí nórdico versátil y cálida con ligero acolchado en el pecho y poliéster reciclado resistente al viento en la parte delantera y trasera.</p>
<p>• Tejido elástico, ligero y resistente al viento en la parte delantera y trasera con 50% poliéster reciclado</p>
<p>• Mangas pre-curvadas</p>
<p>• Estampados y cintas reflectantes en la parte delantera y trasera</p>
<p>• Dos bolsillos delanteros con cremallera</p>
<p>• Lana Flex cepillada en el interior del cuello</p>
<p><strong>Composición:</strong> Parte frontal: Cara 100% poliéster reciclado, Espalda 100% poliuretano, Mangas: Cara 100% poliéster reciclado, Espalda 100% poliuretano, Parte trasera: 100% poliéster reciclado. Relleno: 100% poliéster | <strong>Peso:</strong> 105 g/m² (2layer) 225 g/m² fleece | <strong>Tallas:</strong> XXS-3XL</p>

<p>Chaqueta de esquí nórdico versátil y cálida con ligero acolchado en el pecho y poliéster reciclado resistente al viento en la parte delantera y trasera.</p>
